{"id":2168,"date":"2023-06-29T20:05:00","date_gmt":"2023-06-29T13:05:00","guid":{"rendered":"https:\/\/yody-phuonganh.vn\/index.php\/san-pham\/body-trang-bat-tone-sau-7-ngay-2\/"},"modified":"2023-06-29T20:06:13","modified_gmt":"2023-06-29T13:06:13","slug":"body-trang-bat-tone-sau-7-ngay-2","status":"publish","type":"product","link":"https:\/\/yody-phuonganh.vn\/index.php\/san-pham\/body-trang-bat-tone-sau-7-ngay-2\/","title":{"rendered":"BODY TR\u1eaeNG B\u1eacT TONE SAU 7 NG\u00c0Y"},"content":{"rendered":"<p><img loading=\"lazy\" decoding=\"async\" class=\"wp-post-image\" title=\"body-scream\" src=\"http:\/\/yody-phuonganh.vn\/wp-content\/uploads\/2023\/06\/BODY-TRANG-BAT-TONE-SAU-7-NGAY.jpg\" alt=\"\" width=\"600\" height=\"600\" data-caption=\"\" data-large_image=\"http:\/\/yody-phuonganh.vn\/wp-content\/uploads\/2023\/06\/BODY-TRANG-BAT-TONE-SAU-7-NGAY.jpg\" data-large_image_width=\"2560\" data-large_image_height=\"2560\" \/><br \/>\n<bdi>300.000 won<span class=\"woocommerce-Price-currencySymbol\">\u20ab<\/span><\/bdi><\/p>\n<div class=\"woocommerce-tabs wc-tabs-wrapper\">\n<div id=\"tab-description\" class=\"woocommerce-Tabs-panel woocommerce-Tabs-panel--description panel entry-content wc-tab\" role=\"tabpanel\" aria-labelledby=\"tab-title-description\"><\/div>\n<\/div>\n<h2>M\u00f4 t\u1ea3<\/h2>\n<h4><span data-sheets-value=\"{&quot;1&quot;:2,&quot;2&quot;:&quot;Th\u00e0nh ph\u1ea7n:\\nOzyra Sativa Bran Extract, Arbutin , Niacin-amide, Ascorbic Acid, Hyaluronic Acid, Water, Glycolic Acid, Latic Acid,Citric Acid,GLycerin\\n\\nC\u00f4ng d\u1ee5ng:\\nGi\u00fap da tr\u1eafng b\u1eadt tone sau 7-10 ng\u00e0y gi\u1ea3m th\u00e2m nhanh , cho l\u00e0n da tr\u1eafng kh\u1ecfe t\u1ef1 nhi\u00ean m\u1ec1m m\u1ecbn.\\n\\nC\u00e1ch d\u00f9ng:\\nT\u1eafm s\u1ea1ch lau kh\u00f4, d\u00f9ng l\u01b0\u1ee3ng kem v\u1eeba \u0111\u1ee7 b\u00f4i l\u00ean to\u00e0n th\u00e2n, massage nh\u1eb9 cho kem th\u1ea5m sau v\u00e0o da.Ng\u00e0y d\u00f9ng 1-2 l\u1ea7n\\n&quot;}\" data-sheets-userformat=\"{&quot;2&quot;:769,&quot;3&quot;:{&quot;1&quot;:0},&quot;11&quot;:4,&quot;12&quot;:0}\"><strong>1. Th\u00e0nh ph\u1ea7n:<\/strong><\/span><\/h4>\n<p><span data-sheets-value=\"{&quot;1&quot;:2,&quot;2&quot;:&quot;Th\u00e0nh ph\u1ea7n:\\nOzyra Sativa Bran Extract, Arbutin , Niacin-amide, Ascorbic Acid, Hyaluronic Acid, Water, Glycolic Acid, Latic Acid,Citric Acid,GLycerin\\n\\nC\u00f4ng d\u1ee5ng:\\nGi\u00fap da tr\u1eafng b\u1eadt tone sau 7-10 ng\u00e0y gi\u1ea3m th\u00e2m nhanh , cho l\u00e0n da tr\u1eafng kh\u1ecfe t\u1ef1 nhi\u00ean m\u1ec1m m\u1ecbn.\\n\\nC\u00e1ch d\u00f9ng:\\nT\u1eafm s\u1ea1ch lau kh\u00f4, d\u00f9ng l\u01b0\u1ee3ng kem v\u1eeba \u0111\u1ee7 b\u00f4i l\u00ean to\u00e0n th\u00e2n, massage nh\u1eb9 cho kem th\u1ea5m sau v\u00e0o da.Ng\u00e0y d\u00f9ng 1-2 l\u1ea7n\\n&quot;}\" data-sheets-userformat=\"{&quot;2&quot;:769,&quot;3&quot;:{&quot;1&quot;:0},&quot;11&quot;:4,&quot;12&quot;:0}\">Chi\u1ebft xu\u1ea5t c\u00e1m Oryza Sativa, Arbutin, Niacinamide, Axit ascorbic, Axit Hyaluronic, N\u01b0\u1edbc, Axit Glycolic, Axit Latic, Axit Citric, Glycerin.<\/span><\/p>\n<h4><strong>2. C\u00f4ng d\u1ee5ng<\/strong>:<\/h4>\n<p>Gi\u00fap da tr\u1eafng b\u1eadt tone sau 7-10 ng\u00e0y, gi\u1ea3m th\u00e2m nhanh ch\u00f3ng, cho l\u00e0n da tr\u1eafng kh\u1ecfe, m\u1ecbn m\u00e0ng t\u1ef1 nhi\u00ean.<\/p>\n<h4><strong>3. C\u00e1ch s\u1eed d\u1ee5ng:<\/strong><\/h4>\n<p>T\u1eafm s\u1ea1ch v\u00e0 lau kh\u00f4, l\u1ea5y m\u1ed9t l\u01b0\u1ee3ng kem v\u1eeba \u0111\u1ee7 thoa \u0111\u1ec1u l\u00ean to\u00e0n th\u00e2n, massage nh\u1eb9 nh\u00e0ng cho kem th\u1ea5m s\u00e2u v\u00e0o da. S\u1eed d\u1ee5ng 1-2 l\u1ea7n m\u1ed9t ng\u00e0y.<\/p>\n<h4><strong>4. K\u00edch \u1ee9ng da:<\/strong><\/h4>\n<p>Kh\u00f4ng \u0111\u00e1ng k\u1ec3.<\/p>\n<h4><strong>5. B\u1ea3o qu\u1ea3n:<\/strong><\/h4>\n<p>N\u01a1i kh\u00f4 r\u00e1o, tho\u00e1ng m\u00e1t. Tr\u00e1nh \u00e1nh n\u1eafng tr\u1ef1c ti\u1ebfp, \u0111\u1ec3 xa t\u1ea7m tay tr\u1ebb em.<\/p>\n<p>&#8212;&#8212;&#8212;&#8212;&#8212;&#8212;&#8212;&#8212;-<\/p>\n<p><span style=\"color: #ff0000;\"><strong>TH\u00d4NG TIN LI\u00caN H\u1ec6:<\/strong><\/span><br \/>\n<span style=\"color: #ff0000;\"><strong>QU\u00dd KH\u00c1CH G\u1eecI \u1ea2NH CH\u1ee4P DA QUA ZALO NH\u01af T\u01af V\u1ea4N CHO M\u00ccNH NH\u00c9<\/strong><\/span><br \/>\n<span style=\"color: #ff0000;\"><strong>ZALO <a href=\"https:\/\/zalo.me\/0778790095\">0778790095- Hotline: 0974670571<\/a><\/strong><\/span><br \/>\n<strong><span style=\"color: #ff0000;\">41\/50\/6 Nguy\u1ec5n Oanh, P10, G\u00f2 V\u1ea5p, TP.HCM<\/span><\/strong><\/p>\n","protected":false},"excerpt":{"rendered":"<p>300.000 won\u20ab M\u00f4 t\u1ea3 1. Th\u00e0nh ph\u1ea7n: Chi\u1ebft xu\u1ea5t c\u00e1m Oryza Sativa, Arbutin, Niacinamide, Axit ascorbic, Axit Hyaluronic, N\u01b0\u1edbc, Axit Glycolic, Axit Latic, Axit Citric, Glycerin. 2. C\u00f4ng d\u1ee5ng: Gi\u00fap da tr\u1eafng b\u1eadt tone sau 7-10 ng\u00e0y, gi\u1ea3m th\u00e2m nhanh ch\u00f3ng, cho l\u00e0n da tr\u1eafng kh\u1ecfe, m\u1ecbn m\u00e0ng t\u1ef1 nhi\u00ean. 3. C\u00e1ch s\u1eed d\u1ee5ng: T\u1eafm [&hellip;]<\/p>\n","protected":false},"featured_media":2075,"comment_status":"open","ping_status":"closed","template":"","meta":{"_gspb_post_css":""},"store":[],"product_cat":[23,77],"product_tag":[],"_links":{"self":[{"href":"https:\/\/yody-phuonganh.vn\/index.php\/wp-json\/wp\/v2\/product\/2168"}],"collection":[{"href":"https:\/\/yody-phuonganh.vn\/index.php\/wp-json\/wp\/v2\/product"}],"about":[{"href":"https:\/\/yody-phuonganh.vn\/index.php\/wp-json\/wp\/v2\/types\/product"}],"replies":[{"embeddable":true,"href":"https:\/\/yody-phuonganh.vn\/index.php\/wp-json\/wp\/v2\/comments?post=2168"}],"wp:featuredmedia":[{"embeddable":true,"href":"https:\/\/yody-phuonganh.vn\/index.php\/wp-json\/wp\/v2\/media\/2075"}],"wp:attachment":[{"href":"https:\/\/yody-phuonganh.vn\/index.php\/wp-json\/wp\/v2\/media?parent=2168"}],"wp:term":[{"taxonomy":"store","embeddable":true,"href":"https:\/\/yody-phuonganh.vn\/index.php\/wp-json\/wp\/v2\/store?post=2168"},{"taxonomy":"product_cat","embeddable":true,"href":"https:\/\/yody-phuonganh.vn\/index.php\/wp-json\/wp\/v2\/product_cat?post=2168"},{"taxonomy":"product_tag","embeddable":true,"href":"https:\/\/yody-phuonganh.vn\/index.php\/wp-json\/wp\/v2\/product_tag?post=2168"}],"curies":[{"name":"wp","href":"https:\/\/api.w.org\/{rel}","templated":true}]}}