{"id":2162,"date":"2023-06-29T19:59:52","date_gmt":"2023-06-29T12:59:52","guid":{"rendered":"https:\/\/yody-phuonganh.vn\/index.php\/san-pham\/body-tai-sinh-bong-da-2\/"},"modified":"2023-06-29T20:01:00","modified_gmt":"2023-06-29T13:01:00","slug":"body-tai-sinh-bong-da-2","status":"publish","type":"product","link":"https:\/\/yody-phuonganh.vn\/index.php\/san-pham\/body-tai-sinh-bong-da-2\/","title":{"rendered":"BODY T\u00c1I SINH (BONG DA)"},"content":{"rendered":"<p><img loading=\"lazy\" decoding=\"async\" class=\"wp-post-image\" title=\"body-tai-sinh\" src=\"http:\/\/yody-phuonganh.vn\/wp-content\/uploads\/2023\/06\/BODY-TAI-SINH-BONG-DA.jpg\" alt=\"\" width=\"600\" height=\"600\" data-caption=\"\" data-large_image=\"http:\/\/yody-phuonganh.vn\/wp-content\/uploads\/2023\/06\/BODY-TAI-SINH-BONG-DA.jpg\" data-large_image_width=\"2560\" data-large_image_height=\"2560\" \/><br \/>\n<bdi>350.000 won<span class=\"woocommerce-Price-currencySymbol\">\u20ab<\/span><\/bdi><\/p>\n<div class=\"woocommerce-tabs wc-tabs-wrapper\">\n<div id=\"tab-description\" class=\"woocommerce-Tabs-panel woocommerce-Tabs-panel--description panel entry-content wc-tab\" role=\"tabpanel\" aria-labelledby=\"tab-title-description\"><\/div>\n<\/div>\n<h2>M\u00f4 t\u1ea3<\/h2>\n<h4><span data-sheets-value=\"{&quot;1&quot;:2,&quot;2&quot;:&quot;Th\u00e0nh ph\u1ea7n:\\nAqua,Cetyl Alcohol,Butylene Glycol,Titanium Dioxide,Niacinamide,Ascorbic Acid,Glyceryl Stearate,Kojic Dipalmitate,Tocopherol,Colla-gen,Fragrance,Arbutin,Phenoxyethanol,Aloe Barbadensis Leaf Extract,Pearl Powder,Bisabolol,Dipotassium Glycyrrhizate,Centella Asiatica Extract,Cucumis Sativus Fruit Extract.\\n\\nC\u00f4ng d\u1ee5ng:\\nT\u00e1i t\u1ea1o da sau 5-7 ng\u00e0y s\u1eed d\u1ee5ng,\u0111\u1ed1i v\u1edbi da l\u00ec th\u00ec tr\u00ean 10 ng\u00e0y,n\u1ebfu da ch\u01b0a bao gi\u1edd t\u1ea9y t\u1ebf b\u00e0o ch\u1ebft ho\u1eb7c ch\u01b0a bao gi\u1edd l\u1ed9t th\u00ec kho\u1ea3ng 15 ng\u00e0y m\u1edbi c\u00f3 d\u1ea5u hi\u1ec7u bong.L\u00e0m tr\u1eafng s\u00e1ng da to\u00e0n th\u00e2n,m\u1edd \u0111\u1ed3i m\u1ed3i \u0111\u1ed1m n\u00e2u,m\u1edd th\u00e2m,gi\u00fap c\u1ea3i thi\u1ec7n \u0111\u1ed9 \u0111\u00e0n h\u1ed3i da,gi\u00fap se kh\u00edt l\u1ed5 ch\u00e2n l\u00f4ng , cho b\u1ea1n l\u00e0n da tr\u1eafng m\u1ecbn,gi\u1eef \u1ea9m da, ch\u1ed1ng n\u1eafng.\\n\\nH\u01b0\u1edbng d\u1eabn s\u1eed d\u1ee5ng:\\nNg\u00e0y b\u00f4i 2 l\u1ea7n,trong th\u1eddi gian s\u1eed d\u1ee5ng kh\u00f4ng n\u00ean t\u1eafm s\u1eefa t\u1eafm c\u00f3 ch\u1ea5t t\u1ea9y,n\u00ean t\u1eafm b\u1eb1ng n\u01b0\u1edbc ho\u1eb7c s\u1eefa t\u1eafm d\u1ecbu nh\u1eb9.L\u01b0u \u00dd: tr\u01b0\u1edbc khi d\u00f9ng kem kh\u00f4ng \u0111\u01b0\u1ee3c t\u1ea9y t\u1ebf b\u00e0o ch\u1ebft,kh\u00f4ng \u0111\u01b0\u1ee3c l\u1ed9t,kh\u00f4ng \u0111\u01b0\u1ee3c t\u1ea9y da tr\u1eafng \\n&quot;}\" data-sheets-userformat=\"{&quot;2&quot;:769,&quot;3&quot;:{&quot;1&quot;:0},&quot;11&quot;:4,&quot;12&quot;:0}\"><strong>1. Th\u00e0nh ph\u1ea7n:<\/strong><\/span><\/h4>\n<p><span data-sheets-value=\"{&quot;1&quot;:2,&quot;2&quot;:&quot;Th\u00e0nh ph\u1ea7n:\\nAqua,Cetyl Alcohol,Butylene Glycol,Titanium Dioxide,Niacinamide,Ascorbic Acid,Glyceryl Stearate,Kojic Dipalmitate,Tocopherol,Colla-gen,Fragrance,Arbutin,Phenoxyethanol,Aloe Barbadensis Leaf Extract,Pearl Powder,Bisabolol,Dipotassium Glycyrrhizate,Centella Asiatica Extract,Cucumis Sativus Fruit Extract.\\n\\nC\u00f4ng d\u1ee5ng:\\nT\u00e1i t\u1ea1o da sau 5-7 ng\u00e0y s\u1eed d\u1ee5ng,\u0111\u1ed1i v\u1edbi da l\u00ec th\u00ec tr\u00ean 10 ng\u00e0y,n\u1ebfu da ch\u01b0a bao gi\u1edd t\u1ea9y t\u1ebf b\u00e0o ch\u1ebft ho\u1eb7c ch\u01b0a bao gi\u1edd l\u1ed9t th\u00ec kho\u1ea3ng 15 ng\u00e0y m\u1edbi c\u00f3 d\u1ea5u hi\u1ec7u bong.L\u00e0m tr\u1eafng s\u00e1ng da to\u00e0n th\u00e2n,m\u1edd \u0111\u1ed3i m\u1ed3i \u0111\u1ed1m n\u00e2u,m\u1edd th\u00e2m,gi\u00fap c\u1ea3i thi\u1ec7n \u0111\u1ed9 \u0111\u00e0n h\u1ed3i da,gi\u00fap se kh\u00edt l\u1ed5 ch\u00e2n l\u00f4ng , cho b\u1ea1n l\u00e0n da tr\u1eafng m\u1ecbn,gi\u1eef \u1ea9m da, ch\u1ed1ng n\u1eafng.\\n\\nH\u01b0\u1edbng d\u1eabn s\u1eed d\u1ee5ng:\\nNg\u00e0y b\u00f4i 2 l\u1ea7n,trong th\u1eddi gian s\u1eed d\u1ee5ng kh\u00f4ng n\u00ean t\u1eafm s\u1eefa t\u1eafm c\u00f3 ch\u1ea5t t\u1ea9y,n\u00ean t\u1eafm b\u1eb1ng n\u01b0\u1edbc ho\u1eb7c s\u1eefa t\u1eafm d\u1ecbu nh\u1eb9.L\u01b0u \u00dd: tr\u01b0\u1edbc khi d\u00f9ng kem kh\u00f4ng \u0111\u01b0\u1ee3c t\u1ea9y t\u1ebf b\u00e0o ch\u1ebft,kh\u00f4ng \u0111\u01b0\u1ee3c l\u1ed9t,kh\u00f4ng \u0111\u01b0\u1ee3c t\u1ea9y da tr\u1eafng \\n&quot;}\" data-sheets-userformat=\"{&quot;2&quot;:769,&quot;3&quot;:{&quot;1&quot;:0},&quot;11&quot;:4,&quot;12&quot;:0}\">Aqua, Cetyl Alcohol, Butylene Glycol, Titanium Dioxide, Niacinamide, Axit ascorbic, Glyceryl Stearate, Kojic Dipalmitate, Tocopherol, Colla-gen, H\u01b0\u01a1ng th\u01a1m, Arbutin, Phenoxyethanol, Chi\u1ebft xu\u1ea5t l\u00e1 l\u00f4 h\u1ed9i, B\u1ed9t ng\u1ecdc trai, Bisabolol, Dipotassium Glycyrrhizate, Chi\u1ebft xu\u1ea5t Centella Asiatica , Chi\u1ebft xu\u1ea5t qu\u1ea3 Cucumis Sativus.<\/span><\/p>\n<h4><strong>2. C\u00f4ng d\u1ee5ng:<\/strong><\/h4>\n<p>T\u00e1i t\u1ea1o da sau 5-7 ng\u00e0y s\u1eed d\u1ee5ng, \u0111\u1ed1i v\u1edbi da m\u1edd th\u00e2m th\u00ec tr\u00ean 10 ng\u00e0y, n\u1ebfu da ch\u01b0a t\u1eebng t\u1ea9y t\u1ebf b\u00e0o ch\u1ebft ho\u1eb7c ch\u01b0a t\u1eebng bong tr\u00f3c th\u00ec kho\u1ea3ng 15 ng\u00e0y s\u1ebd c\u00f3 d\u1ea5u hi\u1ec7u bong tr\u00f3c. L\u00e0m s\u00e1ng da to\u00e0n th\u00e2n, m\u1edd v\u1ebft \u0111\u1ed3i m\u1ed3i, \u0111\u1ed1m n\u00e2u, m\u1edd v\u1ebft th\u00e2m, gi\u00fap c\u1ea3i thi\u1ec7n \u0111\u1ed9 \u0111\u00e0n h\u1ed3i cho da, gi\u00fap se kh\u00edt l\u1ed7 ch\u00e2n l\u00f4ng, cho b\u1ea1n l\u00e0n da tr\u1eafng m\u1ecbn, d\u01b0\u1ee1ng \u1ea9m da, ch\u1ed1ng n\u1eafng.<\/p>\n<h4><strong>3. C\u00e1ch s\u1eed d\u1ee5ng:<\/strong><\/h4>\n<p>Ng\u00e0y b\u00f4i 2 l\u1ea7n, trong qu\u00e1 tr\u00ecnh s\u1eed d\u1ee5ng kh\u00f4ng n\u00ean t\u1eafm l\u1ea1i v\u1edbi thu\u1ed1c t\u1ea9y, n\u00ean t\u1eafm l\u1ea1i v\u1edbi n\u01b0\u1edbc ho\u1eb7c s\u1eefa t\u1eafm d\u1ecbu nh\u1eb9.<\/p>\n<h4><strong>4. L\u01b0u \u00fd:<\/strong><\/h4>\n<p>Tr\u01b0\u1edbc khi d\u00f9ng kem kh\u00f4ng t\u1ea9y t\u1ebf b\u00e0o ch\u1ebft, kh\u00f4ng l\u1ed9t t\u1ea9y, kh\u00f4ng t\u1ea9y tr\u1eafng da.<\/p>\n<h4><strong>5. K\u00edch \u1ee9ng da:<\/strong><\/h4>\n<p>Kh\u00f4ng \u0111\u00e1ng k\u1ec3.<\/p>\n<h4><strong>6. B\u1ea3o qu\u1ea3n:<\/strong><\/h4>\n<p>N\u01a1i kh\u00f4 r\u00e1o, tho\u00e1ng m\u00e1t. Tr\u00e1nh \u00e1nh n\u1eafng tr\u1ef1c ti\u1ebfp, \u0111\u1ec3 xa t\u1ea7m tay tr\u1ebb em.<\/p>\n<p>&#8212;&#8212;&#8212;&#8212;&#8212;&#8212;&#8212;&#8212;&#8212;-<\/p>\n<p><span style=\"color: #ff0000;\"><strong>TH\u00d4NG TIN LI\u00caN H\u1ec6:<\/strong><\/span><br \/>\n<span style=\"color: #ff0000;\"><strong>QU\u00dd KH\u00c1CH G\u1eecI \u1ea2NH CH\u1ee4P DA QUA ZALO NH\u01af T\u01af V\u1ea4N CHO M\u00ccNH NH\u00c9<\/strong><\/span><br \/>\n<span style=\"color: #ff0000;\"><strong>ZALO <a href=\"https:\/\/zalo.me\/0778790095\">0778790095- Hotline: 0974670571<\/a><\/strong><\/span><br \/>\n<strong><span style=\"color: #ff0000;\">41\/50\/6 Nguy\u1ec5n Oanh, P10, G\u00f2 V\u1ea5p, TP.HCM<\/span><\/strong><\/p>\n","protected":false},"excerpt":{"rendered":"<p>350.000 won\u20ab M\u00f4 t\u1ea3 1. Th\u00e0nh ph\u1ea7n: Aqua, Cetyl Alcohol, Butylene Glycol, Titanium Dioxide, Niacinamide, Axit ascorbic, Glyceryl Stearate, Kojic Dipalmitate, Tocopherol, Colla-gen, H\u01b0\u01a1ng th\u01a1m, Arbutin, Phenoxyethanol, Chi\u1ebft xu\u1ea5t l\u00e1 l\u00f4 h\u1ed9i, B\u1ed9t ng\u1ecdc trai, Bisabolol, Dipotassium Glycyrrhizate, Chi\u1ebft xu\u1ea5t Centella Asiatica , Chi\u1ebft xu\u1ea5t qu\u1ea3 Cucumis Sativus. 2. C\u00f4ng d\u1ee5ng: T\u00e1i t\u1ea1o da sau [&hellip;]<\/p>\n","protected":false},"featured_media":2069,"comment_status":"open","ping_status":"closed","template":"","meta":{"_gspb_post_css":""},"store":[],"product_cat":[23,77,57],"product_tag":[],"_links":{"self":[{"href":"https:\/\/yody-phuonganh.vn\/index.php\/wp-json\/wp\/v2\/product\/2162"}],"collection":[{"href":"https:\/\/yody-phuonganh.vn\/index.php\/wp-json\/wp\/v2\/product"}],"about":[{"href":"https:\/\/yody-phuonganh.vn\/index.php\/wp-json\/wp\/v2\/types\/product"}],"replies":[{"embeddable":true,"href":"https:\/\/yody-phuonganh.vn\/index.php\/wp-json\/wp\/v2\/comments?post=2162"}],"wp:featuredmedia":[{"embeddable":true,"href":"https:\/\/yody-phuonganh.vn\/index.php\/wp-json\/wp\/v2\/media\/2069"}],"wp:attachment":[{"href":"https:\/\/yody-phuonganh.vn\/index.php\/wp-json\/wp\/v2\/media?parent=2162"}],"wp:term":[{"taxonomy":"store","embeddable":true,"href":"https:\/\/yody-phuonganh.vn\/index.php\/wp-json\/wp\/v2\/store?post=2162"},{"taxonomy":"product_cat","embeddable":true,"href":"https:\/\/yody-phuonganh.vn\/index.php\/wp-json\/wp\/v2\/product_cat?post=2162"},{"taxonomy":"product_tag","embeddable":true,"href":"https:\/\/yody-phuonganh.vn\/index.php\/wp-json\/wp\/v2\/product_tag?post=2162"}],"curies":[{"name":"wp","href":"https:\/\/api.w.org\/{rel}","templated":true}]}}