{"id":2156,"date":"2023-06-29T19:54:41","date_gmt":"2023-06-29T12:54:41","guid":{"rendered":"https:\/\/yody-phuonganh.vn\/index.php\/san-pham\/cream-plus-chong-nang-da-nhon-2\/"},"modified":"2023-06-29T19:56:42","modified_gmt":"2023-06-29T12:56:42","slug":"cream-plus-chong-nang-da-nhon-2","status":"publish","type":"product","link":"https:\/\/yody-phuonganh.vn\/index.php\/san-pham\/cream-plus-chong-nang-da-nhon-2\/","title":{"rendered":"CREAM PLUS (CH\u1ed0NG N\u1eaeNG DA NH\u1edcN)"},"content":{"rendered":"<p><img loading=\"lazy\" decoding=\"async\" class=\"wp-post-image\" title=\"cream plus\" src=\"http:\/\/yody-phuonganh.vn\/wp-content\/uploads\/2023\/06\/CREAM-PLUS-CHONG-NANG-DA-NHON.jpg\" alt=\"\" width=\"600\" height=\"600\" data-caption=\"\" data-large_image=\"http:\/\/yody-phuonganh.vn\/wp-content\/uploads\/2023\/06\/CREAM-PLUS-CHONG-NANG-DA-NHON.jpg\" data-large_image_width=\"2560\" data-large_image_height=\"2560\" \/><br \/>\n<bdi>380.000 won<span class=\"woocommerce-Price-currencySymbol\">\u20ab<\/span><\/bdi><\/p>\n<h2>M\u00f4 t\u1ea3<\/h2>\n<h4><strong>1. Th\u00e0nh ph\u1ea7n:<\/strong><\/h4>\n<p>N\u01b0\u1edbc, N\u01b0\u1edbc \u00e9p l\u00e1 l\u00f4 h\u1ed9i, Isopropyl Palmitate, Glyceryl Stearate, Cetyl Alcohol, Propylene Glycol, PEG-8, Polysorbate 20, Bisabolol, Cyclopentasiloxane, Glycerin, Titanium Dioxide, S\u00e1p ong, Axit Stearic, Steareth-21, Kojic Dipalmitate, Ceteareth-20 , Ceteareth-12, Cetearyl Alcohol, Cetyl Palmitate, Sorbitan Stearate, Talc, Fragrance, Phenoxyethanol, Ethylhexylglycerin, BHT, Menthyl Lactate, Disodium EDTA, Carbomer, Kali Hydroxide.<\/p>\n<p><em><strong>Th\u00e0nh ph\u1ea7n ch\u00ednh: <\/strong><\/em><\/p>\n<ul>\n<li>Aloe Barbadensis Leaf Juice: D\u01b0\u1ee1ng \u1ea9m m\u1ea1nh m\u1ebd, l\u00e0m d\u1ecbu v\u00e0 l\u00e0m m\u00e1t da. Th\u00fac \u0111\u1ea9y t\u1ed5ng h\u1ee3p collagen v\u00e0 elastin. Kh\u00e1ng khu\u1ea9n, b\u1ea3o v\u1ec7 da kh\u1ecfi c\u00e1c t\u00e1c nh\u00e2n t\u1eeb \u00e1nh n\u1eafng, b\u1ee5i b\u1ea9n ngo\u00e0i m\u00f4i tr\u01b0\u1eddng.<\/li>\n<li>Bisabolol: C\u00f3 t\u00e1c d\u1ee5ng kh\u00e1ng vi\u00eam, gi\u00fap l\u00e0m d\u1ecbu da,. D\u01b0\u1ee1ng \u1ea9m s\u00e2u, ch\u1ed1ng oxy h\u00f3a, ng\u0103n ng\u1eeba n\u1ebfp nh\u0103n do l\u00e3o h\u00f3a. Ch\u1ed1ng vi\u00eam, kh\u00e1ng khu\u1ea9n, gi\u1ea3m m\u1ee5n s\u01b0ng t\u1ea5y. B\u1ea3o v\u1ec7 da kh\u1ecfi \u00e1nh n\u1eafng m\u1eb7t tr\u1eddi.<\/li>\n<li>Titanium Dioxide: C\u00f3 \u0111\u1eb7c t\u00ednh kh\u00f4ng th\u1ea9m th\u1ea5u v\u00e0o da, ph\u00e2n t\u00e1n \u0111\u1ec1u n\u00ean c\u00f3 \u01b0u \u0111i\u1ec3m ph\u00e1t huy kh\u1ea3 n\u0103ng ch\u1ed1ng n\u1eafng cao, ph\u00e2n t\u00e1n tia UV hi\u1ec7u qu\u1ea3. Titanium Dioxide v\u00e0 c\u00e1c th\u00e0nh ph\u1ea7n kh\u00e1c s\u1ebd t\u1ea1o ra m\u1ed9t h\u00e0ng r\u00e0o b\u1ea3o v\u1ec7 tr\u00ean da. L\u1edbp m\u00e0ng ch\u1eafn n\u00e0y s\u1ebd ng\u0103n ch\u1eb7n v\u00e0 ph\u1ea3n x\u1ea1 tia UV, kh\u00f4ng cho ch\u00fang x\u00e2m nh\u1eadp v\u00e0o da, h\u1ea1n ch\u1ebf t\u00ecnh tr\u1ea1ng da b\u1ecb \u0111en s\u1ea1m.<\/li>\n<li>Kojic Dipalmitate: D\u01b0\u1ee1ng tr\u1eafng s\u00e1ng da, ch\u1ed1ng l\u00e3o h\u00f3a, gi\u00fap \u0111\u00e0o th\u1ea3i Melanin nguy\u00ean nh\u00e2n g\u00e2y th\u00e2m n\u00e1m. H\u1ed7 tr\u1ee3 \u0111i\u1ec1u tr\u1ecb m\u1ee5n tr\u1ee9ng c\u00e1 ho\u1eb7c nhi\u1ec5m tr\u00f9ng l\u1ed7 ch\u00e2n l\u00f4ng do vi khu\u1ea9n, nhi\u1ec5m tr\u00f9ng da.<\/li>\n<\/ul>\n<h4><strong>2. C\u00f4ng d\u1ee5ng:<\/strong><\/h4>\n<p>Gi\u00fap cung c\u1ea5p \u0111\u1ed9 \u1ea9m v\u00e0 c\u00e2n b\u1eb1ng \u0111\u1ed9 \u1ea9m cho da, gi\u00fap da m\u1ec1m m\u1ea1i, m\u1ecbn m\u00e0ng, gi\u00fap da tr\u1eafng s\u00e1ng r\u1ea1ng r\u1ee1.<\/p>\n<h4><strong>3. C\u00e1ch s\u1eed d\u1ee5ng:<\/strong><\/h4>\n<ul>\n<li>L\u00e0m s\u1ea1ch da m\u1eb7t b\u1eb1ng s\u1eefa r\u1eeda m\u1eb7t chuy\u00ean d\u1ee5ng cho lo\u1ea1i da c\u1ee7a b\u1ea1n.<\/li>\n<li>L\u1ea5y m\u1ed9t l\u01b0\u1ee3ng kem v\u1eeba \u0111\u1ee7 ch\u1ea5m l\u00ean 5 \u0111i\u1ec3m c\u01a1 b\u1ea3n tr\u00ean khu\u00f4n m\u1eb7t, d\u00f9ng c\u00e1c \u0111\u1ea7u ng\u00f3n tay massage nh\u1eb9 nh\u00e0ng \u0111\u1ec3 kem th\u1ea5m \u0111\u1ec1u kh\u1eafp b\u1ec1 m\u1eb7t da.<\/li>\n<li>S\u1eed d\u1ee5ng m\u1ed7i s\u00e1ng.<\/li>\n<\/ul>\n<h4><strong>4. Ph\u00f9 h\u1ee3p:<\/strong><\/h4>\n<p>M\u1ecdi lo\u1ea1i da k\u1ec3 c\u1ea3 da nh\u1ea1y c\u1ea3m, da sau \u0111i\u1ec1u tr\u1ecb, da sau peel:<\/p>\n<ul>\n<li>D\u00e0nh cho da kh\u00f4\/th\u01b0\u1eddng: d\u01b0\u1ee1ng \u1ea9m, l\u00e0m m\u1ec1m da, c\u1ea3i thi\u1ec7n n\u1ebfp nh\u0103n quanh m\u1eaft v\u00e0 kh\u00f3e mi\u1ec7ng.<\/li>\n<li>\u0110\u1ed1i v\u1edbi da d\u1ea7u: \u0110i\u1ec1u ti\u1ebft ch\u1ea5t nh\u1eddn d\u01b0 th\u1eeba tr\u00ean da, gi\u00fap c\u00e2n b\u1eb1ng l\u01b0\u1ee3ng d\u1ea7u tr\u00ean da.<\/li>\n<\/ul>\n<h4><strong>5. Ch\u00fa \u00fd:<\/strong><\/h4>\n<p>Thoa m\u1ed9t l\u1edbp m\u1ecfng tr\u01b0\u1edbc khi ra n\u1eafng 30 ph\u00fat.<\/p>\n<h4><strong>6. B\u1ea3o qu\u1ea3n:<\/strong><\/h4>\n<p>N\u01a1i tho\u00e1ng m\u00e1t, tr\u00e1nh \u00e1nh n\u1eafng tr\u1ef1c ti\u1ebfp.<\/p>\n<p>&#8212;&#8212;&#8212;&#8212;&#8212;&#8212;&#8212;&#8212;&#8212;-<\/p>\n<p><span style=\"color: #ff0000;\"><strong>TH\u00d4NG TIN LI\u00caN H\u1ec6:<\/strong><\/span><br \/>\n<span style=\"color: #ff0000;\"><strong>QU\u00dd KH\u00c1CH G\u1eecI \u1ea2NH CH\u1ee4P DA QUA ZALO NH\u01af T\u01af V\u1ea4N CHO M\u00ccNH NH\u00c9<\/strong><\/span><br \/>\n<span style=\"color: #ff0000;\"><strong>ZALO <a href=\"https:\/\/zalo.me\/0778790095\">0778790095- Hotline: 0974670571<\/a><\/strong><\/span><br \/>\n<strong><span style=\"color: #ff0000;\">41\/50\/6 Nguy\u1ec5n Oanh, P10, G\u00f2 V\u1ea5p, TP.HCM<\/span><\/strong><\/p>\n","protected":false},"excerpt":{"rendered":"<p>380.000 won\u20ab M\u00f4 t\u1ea3 1. Th\u00e0nh ph\u1ea7n: N\u01b0\u1edbc, N\u01b0\u1edbc \u00e9p l\u00e1 l\u00f4 h\u1ed9i, Isopropyl Palmitate, Glyceryl Stearate, Cetyl Alcohol, Propylene Glycol, PEG-8, Polysorbate 20, Bisabolol, Cyclopentasiloxane, Glycerin, Titanium Dioxide, S\u00e1p ong, Axit Stearic, Steareth-21, Kojic Dipalmitate, Ceteareth-20 , Ceteareth-12, Cetearyl Alcohol, Cetyl Palmitate, Sorbitan Stearate, Talc, Fragrance, Phenoxyethanol, Ethylhexylglycerin, BHT, Menthyl Lactate, Disodium EDTA, Carbomer, [&hellip;]<\/p>\n","protected":false},"featured_media":2077,"comment_status":"open","ping_status":"closed","template":"","meta":{"_gspb_post_css":""},"store":[],"product_cat":[23,66,57],"product_tag":[],"_links":{"self":[{"href":"https:\/\/yody-phuonganh.vn\/index.php\/wp-json\/wp\/v2\/product\/2156"}],"collection":[{"href":"https:\/\/yody-phuonganh.vn\/index.php\/wp-json\/wp\/v2\/product"}],"about":[{"href":"https:\/\/yody-phuonganh.vn\/index.php\/wp-json\/wp\/v2\/types\/product"}],"replies":[{"embeddable":true,"href":"https:\/\/yody-phuonganh.vn\/index.php\/wp-json\/wp\/v2\/comments?post=2156"}],"wp:featuredmedia":[{"embeddable":true,"href":"https:\/\/yody-phuonganh.vn\/index.php\/wp-json\/wp\/v2\/media\/2077"}],"wp:attachment":[{"href":"https:\/\/yody-phuonganh.vn\/index.php\/wp-json\/wp\/v2\/media?parent=2156"}],"wp:term":[{"taxonomy":"store","embeddable":true,"href":"https:\/\/yody-phuonganh.vn\/index.php\/wp-json\/wp\/v2\/store?post=2156"},{"taxonomy":"product_cat","embeddable":true,"href":"https:\/\/yody-phuonganh.vn\/index.php\/wp-json\/wp\/v2\/product_cat?post=2156"},{"taxonomy":"product_tag","embeddable":true,"href":"https:\/\/yody-phuonganh.vn\/index.php\/wp-json\/wp\/v2\/product_tag?post=2156"}],"curies":[{"name":"wp","href":"https:\/\/api.w.org\/{rel}","templated":true}]}}