{"id":2147,"date":"2023-06-29T19:49:59","date_gmt":"2023-06-29T12:49:59","guid":{"rendered":"https:\/\/yody-phuonganh.vn\/index.php\/san-pham\/tinh-chat-tai-cau-truc-da\/"},"modified":"2023-06-29T19:50:59","modified_gmt":"2023-06-29T12:50:59","slug":"tinh-chat-tai-cau-truc-da","status":"publish","type":"product","link":"https:\/\/yody-phuonganh.vn\/index.php\/san-pham\/tinh-chat-tai-cau-truc-da\/","title":{"rendered":"TINH CH\u1ea4T T\u00c1I C\u1ea4U TR\u00daC DA"},"content":{"rendered":"<p><img loading=\"lazy\" decoding=\"async\" class=\"wp-post-image\" title=\"tc-t\u00e1i-t\u1ea1o\" src=\"http:\/\/yody-phuonganh.vn\/wp-content\/uploads\/2023\/06\/TINH-CHAT-TAI-CAU-TRUC-DA.jpg\" alt=\"\" width=\"600\" height=\"600\" data-caption=\"\" data-large_image=\"http:\/\/yody-phuonganh.vn\/wp-content\/uploads\/2023\/06\/TINH-CHAT-TAI-CAU-TRUC-DA.jpg\" data-large_image_width=\"2560\" data-large_image_height=\"2560\" \/><br \/>\n<bdi>400.000 won<span class=\"woocommerce-Price-currencySymbol\">\u20ab<\/span><\/bdi><\/p>\n<div class=\"woocommerce-tabs wc-tabs-wrapper\">\n<h2>M\u00f4 t\u1ea3<\/h2>\n<h4><strong>1. Th\u00e0nh ph\u1ea7n:<\/strong><\/h4>\n<p>D\u1ea7u h\u1ea1t nho, chi\u1ebft xu\u1ea5t \u1ed1c s\u00ean, peptide, EHGD.<\/p>\n<h4><strong>2. C\u00f4ng d\u1ee5ng:<\/strong><\/h4>\n<ul>\n<li>D\u01b0\u1ee1ng \u1ea9m, t\u0103ng c\u01b0\u1eddng \u0111\u1ed9 \u0111\u00e0n h\u1ed3i, gi\u00fap da m\u1ec1m m\u1ea1i, m\u1ecbn m\u00e0ng.<\/li>\n<li>L\u00e0m ch\u1eadm v\u00e0 ng\u0103n ng\u1eeba qu\u00e1 tr\u00ecnh l\u00e3o h\u00f3a, gi\u1ea3m s\u1ef1 xu\u1ea5t hi\u1ec7n c\u1ee7a n\u1ebfp nh\u0103n tr\u00ean da.<\/li>\n<li>Ng\u0103n ng\u1eeba b\u00edt t\u1eafc l\u1ed7 ch\u00e2n l\u00f4ng, \u0111i\u1ec1u ti\u1ebft d\u1ea7u gi\u00fap gi\u1ea3m m\u1ee5n.<\/li>\n<li>T\u0103ng c\u01b0\u1eddng v\u00e0 ph\u1ee5c h\u1ed3i h\u00e0ng r\u00e0o b\u1ea3o v\u1ec7 da, se kh\u00edt l\u1ed7 ch\u00e2n l\u00f4ng.<\/li>\n<\/ul>\n<h4><strong>3. H\u01b0\u1edbng d\u1eabn s\u1eed d\u1ee5ng:<\/strong><\/h4>\n<ul>\n<li>D\u00f9ng thay th\u1ebf kem d\u01b0\u1ee1ng da: Sau khi r\u1eeda m\u1eb7t s\u1ea1ch, d\u00f9ng 1-2 gi\u1ecdt tinh ch\u1ea5t xoa \u0111\u1ec1u trong l\u00f2ng b\u00e0n tay, sau \u0111\u00f3 v\u1ed7 nh\u1eb9 l\u00ean da \u0111\u1ec3 tinh ch\u1ea5t th\u1ea9m th\u1ea5u.<\/li>\n<li>D\u00f9ng \u0111\u1ec3 massage: Tr\u1ed9n m\u1ed9t l\u01b0\u1ee3ng tinh ch\u1ea5t v\u1eeba \u0111\u1ee7 v\u1edbi tinh d\u1ea7u y\u00eau th\u00edch (n\u1ebfu mu\u1ed1n) \u0111\u1ec3 t\u1ea1o m\u00f9i h\u01b0\u01a1ng v\u00e0 massage nh\u1eb9 nh\u00e0ng theo h\u00ecnh xo\u1eafn \u1ed1c trong 5-10 ph\u00fat r\u1ed3i r\u1eeda s\u1ea1ch. Th\u1ef1c hi\u1ec7n 2-3 l\u1ea7n\/tu\u1ea7n \u0111\u1ec3 c\u00f3 l\u00e0n da kh\u1ecfe \u0111\u1eb9p.<\/li>\n<\/ul>\n<h4><strong>4. B\u1ea3o qu\u1ea3n:<\/strong><\/h4>\n<ul>\n<li>N\u01a1i kh\u00f4 r\u00e1o tho\u00e1ng m\u00e1t.<\/li>\n<li>Tr\u00e1nh \u00e1nh n\u1eafng tr\u1ef1c ti\u1ebfp, nhi\u1ec7t \u0111\u1ed9 cao ho\u1eb7c \u0111\u1ed9 \u1ea9m.<\/li>\n<li>\u0110\u00f3ng ch\u1eb7t n\u1eafp sau khi s\u1eed d\u1ee5ng. N\u00ean s\u1eed d\u1ee5ng trong v\u00f2ng 3-6 th\u00e1ng sau khi m\u1edf.<\/li>\n<\/ul>\n<h4><strong>5. Th\u00f4ng tin c\u1ea3nh b\u00e1o:<\/strong><\/h4>\n<ul>\n<li>\u0110\u1ecdc k\u1ef9 h\u01b0\u1edbng d\u1eabn tr\u01b0\u1edbc khi d\u00f9ng, kh\u00f4ng d\u00f9ng cho tr\u01b0\u1eddng h\u1ee3p m\u1eabn c\u1ea3m v\u1edbi th\u00e0nh ph\u1ea7n s\u1ea3n ph\u1ea9m.<\/li>\n<li>Kh\u00f4ng s\u1eed d\u1ee5ng s\u1ea3n ph\u1ea9m khi ch\u01b0a l\u00e0m s\u1ea1ch da m\u1eb7t.<\/li>\n<\/ul>\n<hr \/>\n<\/div>\n<p><span style=\"color: #ff0000;\"><strong>TH\u00d4NG TIN LI\u00caN H\u1ec6:<\/strong><\/span><br \/>\n<span style=\"color: #ff0000;\"><strong>QU\u00dd KH\u00c1CH G\u1eecI \u1ea2NH CH\u1ee4P DA QUA ZALO NH\u01af T\u01af V\u1ea4N CHO M\u00ccNH NH\u00c9<\/strong><\/span><br \/>\n<span style=\"color: #ff0000;\"><strong>ZALO <a href=\"https:\/\/zalo.me\/0778790095\">0778790095- Hotline: 0974670571<\/a><\/strong><\/span><br \/>\n<strong><span style=\"color: #ff0000;\">41\/50\/6 Nguy\u1ec5n Oanh, P10, G\u00f2 V\u1ea5p, TP.HCM<\/span><\/strong><\/p>\n","protected":false},"excerpt":{"rendered":"<p>400.000 won\u20ab M\u00f4 t\u1ea3 1. Th\u00e0nh ph\u1ea7n: D\u1ea7u h\u1ea1t nho, chi\u1ebft xu\u1ea5t \u1ed1c s\u00ean, peptide, EHGD. 2. C\u00f4ng d\u1ee5ng: D\u01b0\u1ee1ng \u1ea9m, t\u0103ng c\u01b0\u1eddng \u0111\u1ed9 \u0111\u00e0n h\u1ed3i, gi\u00fap da m\u1ec1m m\u1ea1i, m\u1ecbn m\u00e0ng. L\u00e0m ch\u1eadm v\u00e0 ng\u0103n ng\u1eeba qu\u00e1 tr\u00ecnh l\u00e3o h\u00f3a, gi\u1ea3m s\u1ef1 xu\u1ea5t hi\u1ec7n c\u1ee7a n\u1ebfp nh\u0103n tr\u00ean da. Ng\u0103n ng\u1eeba b\u00edt t\u1eafc l\u1ed7 [&hellip;]<\/p>\n","protected":false},"featured_media":2148,"comment_status":"open","ping_status":"closed","template":"","meta":{"_gspb_post_css":""},"store":[],"product_cat":[23,66,57],"product_tag":[],"_links":{"self":[{"href":"https:\/\/yody-phuonganh.vn\/index.php\/wp-json\/wp\/v2\/product\/2147"}],"collection":[{"href":"https:\/\/yody-phuonganh.vn\/index.php\/wp-json\/wp\/v2\/product"}],"about":[{"href":"https:\/\/yody-phuonganh.vn\/index.php\/wp-json\/wp\/v2\/types\/product"}],"replies":[{"embeddable":true,"href":"https:\/\/yody-phuonganh.vn\/index.php\/wp-json\/wp\/v2\/comments?post=2147"}],"wp:featuredmedia":[{"embeddable":true,"href":"https:\/\/yody-phuonganh.vn\/index.php\/wp-json\/wp\/v2\/media\/2148"}],"wp:attachment":[{"href":"https:\/\/yody-phuonganh.vn\/index.php\/wp-json\/wp\/v2\/media?parent=2147"}],"wp:term":[{"taxonomy":"store","embeddable":true,"href":"https:\/\/yody-phuonganh.vn\/index.php\/wp-json\/wp\/v2\/store?post=2147"},{"taxonomy":"product_cat","embeddable":true,"href":"https:\/\/yody-phuonganh.vn\/index.php\/wp-json\/wp\/v2\/product_cat?post=2147"},{"taxonomy":"product_tag","embeddable":true,"href":"https:\/\/yody-phuonganh.vn\/index.php\/wp-json\/wp\/v2\/product_tag?post=2147"}],"curies":[{"name":"wp","href":"https:\/\/api.w.org\/{rel}","templated":true}]}}