{"id":2120,"date":"2023-06-29T19:36:01","date_gmt":"2023-06-29T12:36:01","guid":{"rendered":"https:\/\/yody-phuonganh.vn\/index.php\/san-pham\/serum-giup-tai-tao-da-cao-cap\/"},"modified":"2023-06-29T19:37:19","modified_gmt":"2023-06-29T12:37:19","slug":"serum-giup-tai-tao-da-cao-cap","status":"publish","type":"product","link":"https:\/\/yody-phuonganh.vn\/index.php\/san-pham\/serum-giup-tai-tao-da-cao-cap\/","title":{"rendered":"SERUM GI\u00daP T\u00c1I T\u1ea0O DA CAO C\u1ea4P"},"content":{"rendered":"<p><img loading=\"lazy\" decoding=\"async\" class=\"wp-post-image\" title=\"t\u00e1i-t\u1ea1o-cao-c\u1ea5p\" src=\"http:\/\/yody-phuonganh.vn\/wp-content\/uploads\/2023\/06\/SERUM-GIUP-TAI-TAO-DA-CAO-CAP.jpg\" alt=\"\" width=\"600\" height=\"600\" data-caption=\"\" data-large_image=\"http:\/\/yody-phuonganh.vn\/wp-content\/uploads\/2023\/06\/SERUM-GIUP-TAI-TAO-DA-CAO-CAP.jpg\" data-large_image_width=\"2560\" data-large_image_height=\"2560\" \/><br \/>\n<bdi>550.000 won<span class=\"woocommerce-Price-currencySymbol\">\u20ab<\/span><\/bdi><\/p>\n<h2>M\u00f4 t\u1ea3<\/h2>\n<h4><strong>1. Th\u00e0nh ph\u1ea7n:<\/strong><\/h4>\n<p><span data-sheets-value=\"{&quot;1&quot;:2,&quot;2&quot;:&quot;Th\u00e0ng ph\u1ea7n:\\nLanolin,Cera alba,Paraffium Liquidum,Titanium Dioxide,Cetyl Acohol , Kijic Dipalmitate, Tocopher-ol fragrance, Phenoxyethanol, Pearl Powder, Collgen, Bisabolol, Glycerin, Water, Caprylic\/-capric Triglyceride Hydrogenated Lecithin,Panax Ginseng Callus Cultrure Extract,Dipotassium Glycyrrhizate,Centalla Asiatica Extract,Cucumis Sativus Fruit Extract.\\n\\nC\u00f4ng d\u1ee5ng:\\n\\&quot; \u0110\u00e0o th\u1ea3i ch\u1ea5t \u0111\u1ed9c, t\u00e1i t\u1ea1o t\u1ea7n s\u00e2u da.\\n+Lo\u1ea1i b\u1ecf m\u1ee5n \u1ea9n, ch\u00e2n n\u00e1m chuy\u00ean s\u00e2u t\u1eeb g\u1ed1c b\u1eb1ng c\u00f4ng th\u1ee9c th\u1ea3o m\u1ed9c gia truy\u1ec1n,kh\u00f4ng t\u00e1c d\u1ee5ng ph\u1ee5 kh\u00f4ng ch\u1ee9a corticold.\\n+Gi\u00fap l\u00e0n da c\u1ee7a b\u1ea1n tr\u1eafng m\u1ecbn h\u1ed3ng h\u00e0o sau qu\u00e1 tr\u00ecnh t\u00e1i t\u1ea1o l\u00e0n da c\u0169 sang l\u00e0n da m\u1edbi ho\u00e0n to\u00e0n.\\n+\u0110\u1eb7c bi\u1ec7t thu\u1ed1c b\u00f4i kh\u00f4ng s\u01b0ng kh\u00f4ng \u0111\u1ecf,ho\u1eb7c \u0111\u1ecf nh\u1eb9 t\u00f9y theo c\u01a1 \u0111\u1ecba m\u1ed7i ng\u01b0\u1eddi.\\n\\nH\u01b0\u1edbng d\u1eabn s\u1eed d\u1ee5ng:\\n\\&quot;B\u01b0\u1edbc 1:R\u1eeda m\u1eb7t th\u1eadt s\u1ea1ch b\u1eb1ng s\u1eeda r\u1eeda m\u1eb7t ( Ph\u01b0\u01a1ng Anh) n\u1ebfu kh\u00f4ng c\u00f3 s\u1eeda r\u1eefa m\u1eb7t\\nth\u00ec r\u1eeda b\u1eb1ng n\u01b0\u1edbc b\u00ecnh th\u01b0\u1eddng.\\nB\u01b0\u1edbc 2: L\u1ea5y 1 l\u01b0\u1ee3ng thu\u1ed1c v\u1eeba \u0111\u1ee7 b\u00f4i \u0111\u1ec1u kh\u1eafp m\u1eb7t (kh\u00f4ng b\u00f4i xung quanh m\u1eaft), \u0111\u1ed1i v\u1edbi\\nda \u0111\u00e3 t\u00e1i t\u1ea1o b\u00f4i ng\u00e0y 1 l\u1ea7n r\u1ed3i t\u0103ng t\u1eeb t\u1eeb l\u00ean da, da ch\u01b0a t\u00e1i t\u1ea1o l\u1ea7n n\u00e0o b\u00f4i 2-3 l\u1ea7n \\nB\u01b0\u1edbc 3:Th\u01b0\u1eddng xuy\u00ean l\u1ea5y nh\u00e2n m\u1ee5n trong qu\u00e1 tr\u00ecnh s\u1eed d\u1ee5ng thu\u1ed1c.\\nB\u01b0\u1edbc 4:Khi c\u00f3 d\u1ea5u hi\u1ec7u x\u1ea1m da,ng\u1ee9a,s\u00e2n r\u00e1t(n\u1ebfu da nh\u1ea1y c\u1ea3m ho\u1eb7c x\u00e0i kem tr\u1ed9n nhi\u1ec1u s\u1ebd \u0111\u1ecf h\u1ed3ng nh\u1eb9)\\nl\u00e0 t\u1ed1t b\u00ecnh th\u01b0\u1eddng,v\u1eabn b\u00f4i ng\u00e0y 2 l\u1ea7n,b\u00f4i li\u00ean t\u1ee5c \u0111\u1ebfn khi da \u0111\u1eb9p tr\u1eafng s\u00e1ng \u0111\u1ec1u m\u00e0u m\u1edbi ng\u1eebng,ng\u01b0ng th\u00ec da m\u1edbi h\u1ebft bong.\\nB\u01b0\u1edbc 5:Sau khi ng\u01b0ng da h\u1ebft bong b\u1eaft \u0111\u1ea7u x\u00e0i kem d\u01b0\u1ee1ng \u0111\u1ec3 duy tr\u00ec l\u00e0n da kh\u00f4ng t\u00ec v\u1ebft.\\n\\nCh\u1ed1ng ch\u1ec9 \u0111\u1ecbnh:\\nKh\u00f4ng s\u1eed d\u1ee5ng m\u1ef9 ph\u1ea9m c\u00f4ng nghi\u1ec7p,c\u00e1c lo\u1ea1i s\u1eeda r\u1eeda m\u1eb7t hay b\u1ed9t r\u1eeda m\u1eb7t kh\u00f4ng r\u00f5 ngu\u1ed3n g\u1ed1c,kh\u00f4ng \u0111\u01b0\u1ee3c u\u1ed1ng.\\n\\n\u0110\u1ed9 k\u00edch \u1ee9ng da:\\nKh\u00f4ng \u0111\u00e1ng k\u1ec3.\\n\\nB\u1ea3o qu\u1ea3n:\\nN\u01a1i kh\u00f4 r\u00e1o, tho\u00e1ng m\u00e1t, tr\u00e1nh \u00e1nh n\u1eafng tr\u1ef1c ti\u1ebfp,tr\u00e1nh xa t\u1ea7m tay tr\u1ebb em.&quot;}\" data-sheets-userformat=\"{&quot;2&quot;:769,&quot;3&quot;:{&quot;1&quot;:0},&quot;11&quot;:4,&quot;12&quot;:0}\">Lanolin, Cera Alba, Paraffium Liquidum, Titanium Dioxide, Cetyl Acohol, Kijic Dipalmitate, Tocopherol, H\u01b0\u01a1ng th\u01a1m, Phenoxyethanol, B\u1ed9t ng\u1ecdc trai, Collgen, Bisabolol, Glycerin, N\u01b0\u1edbc, Caprylic\/capric Triglyceride, Lecithin hydro h\u00f3a, Chi\u1ebft xu\u1ea5t m\u00f4 s\u1eb9o nh\u00e2n s\u00e2m Panax, Cholesterol, Arbutin, Aloe vera Callus Extract, Dipotassium Glycyrrhizate, Centalla Asiatica Extract, Cucumis Sativus Fruit Extract.<\/span><\/p>\n<h4><strong>2. C\u00f4ng d\u1ee5ng:<\/strong><\/h4>\n<ul>\n<li>\u0110\u00e0o th\u1ea3i \u0111\u1ed9c t\u1ed1, t\u00e1i t\u1ea1o t\u1ea7ng s\u00e2u da.<\/li>\n<li>Lo\u1ea1i b\u1ecf m\u1ee5n \u1ea9n, n\u00e1m chuy\u00ean s\u00e2u t\u1eadn g\u1ed1c b\u1eb1ng c\u00f4ng th\u1ee9c th\u1ea3o d\u01b0\u1ee3c gia truy\u1ec1n, kh\u00f4ng t\u00e1c d\u1ee5ng ph\u1ee5, kh\u00f4ng ch\u1ee9a Corticoid.<\/li>\n<li>Gi\u00fap da b\u1ea1n tr\u1eafng m\u1ecbn h\u1ed3ng h\u00e0o sau qu\u00e1 tr\u00ecnh t\u00e1i t\u1ea1o l\u1edbp da c\u0169 th\u00e0nh l\u1edbp da m\u1edbi ho\u00e0n to\u00e0n.<\/li>\n<li>\u0110\u1eb7c bi\u1ec7t, thu\u1ed1c b\u00f4i kh\u00f4ng s\u01b0ng, kh\u00f4ng \u0111\u1ecf ho\u1eb7c \u0111\u1ecf nh\u1eb9 t\u00f9y v\u00e0o c\u01a1 \u0111\u1ecba c\u1ee7a m\u1ed7i ng\u01b0\u1eddi.<\/li>\n<\/ul>\n<h4><strong>3. C\u00e1ch s\u1eed d\u1ee5ng:<\/strong><\/h4>\n<ul>\n<li>B\u01b0\u1edbc 1: R\u1eeda m\u1eb7t th\u1eadt s\u1ea1ch b\u1eb1ng s\u1eefa r\u1eeda m\u1eb7t (Ph\u01b0\u01a1ng Anh) n\u1ebfu kh\u00f4ng c\u00f3 s\u1eefa r\u1eeda m\u1eb7t th\u00ec r\u1eeda l\u1ea1i b\u1eb1ng n\u01b0\u1edbc th\u01b0\u1eddng.<\/li>\n<li>B\u01b0\u1edbc 2: L\u1ea5y 1 l\u01b0\u1ee3ng thu\u1ed1c v\u1eeba \u0111\u1ee7 thoa \u0111\u1ec1u kh\u1eafp m\u1eb7t (kh\u00f4ng thoa quanh m\u1eaft), \u0111\u1ed1i v\u1edbi da t\u00e1i t\u1ea1o thoa 1 l\u1ea7n\/ng\u00e0y r\u1ed3i t\u0103ng d\u1ea7n l\u00ean, da ch\u01b0a t\u00e1i t\u1ea1o thoa 1 l\u1ea7n 2-3 l\u1ea7n m\u1ed9t ng\u00e0y.<\/li>\n<li>B\u01b0\u1edbc 3: Th\u01b0\u1eddng xuy\u00ean l\u1ea5y nh\u00e2n m\u1ee5n trong qu\u00e1 tr\u00ecnh s\u1eed d\u1ee5ng thu\u1ed1c.<\/li>\n<li>B\u01b0\u1edbc 4: Khi c\u00f3 d\u1ea5u hi\u1ec7u s\u1ea1m da, ng\u1ee9a, r\u00e1t (n\u1ebfu da nh\u1ea1y c\u1ea3m ho\u1eb7c d\u00f9ng nhi\u1ec1u kem s\u1ebd h\u01a1i \u0111\u1ecf) l\u00e0 hi\u1ec7n t\u01b0\u1ee3ng b\u00ecnh th\u01b0\u1eddng, v\u1eabn b\u00f4i ng\u00e0y 2 l\u1ea7n, b\u00f4i li\u00ean t\u1ee5c cho \u0111\u1ebfn khi da \u0111\u1eb9p tr\u1edf l\u1ea1i. s\u00e1ng. m\u00e0u m\u1edbi h\u1ebft, da m\u1edbi h\u1ebft bong tr\u00f3c.<\/li>\n<li>B\u01b0\u1edbc 5: Sau khi ng\u1eebng bong tr\u00f3c b\u1eaft \u0111\u1ea7u s\u1eed d\u1ee5ng kem d\u01b0\u1ee1ng \u0111\u1ec3 duy tr\u00ec l\u00e0n da kh\u00f4ng t\u00ec v\u1ebft.<\/li>\n<\/ul>\n<h4><strong>4. Ch\u1ed1ng ch\u1ec9 \u0111\u1ecbnh:<\/strong><\/h4>\n<p>Kh\u00f4ng d\u00f9ng m\u1ef9 ph\u1ea9m c\u00f4ng nghi\u1ec7p, s\u1eefa r\u1eeda m\u1eb7t hay b\u1ed9t r\u1eeda m\u1eb7t kh\u00f4ng r\u00f5 ngu\u1ed3n g\u1ed1c, kh\u00f4ng u\u1ed1ng.<\/p>\n<h4><strong>5. K\u00edch \u1ee9ng da:<\/strong><\/h4>\n<p>Kh\u00f4ng \u0111\u00e1ng k\u1ec3.<\/p>\n<h4><strong>6. B\u1ea3o qu\u1ea3n:<\/strong><\/h4>\n<p>B\u1ea3o qu\u1ea3n n\u01a1i kh\u00f4 m\u00e1t, tr\u00e1nh \u00e1nh n\u1eafng tr\u1ef1c ti\u1ebfp, \u0111\u1ec3 xa t\u1ea7m tay tr\u1ebb em.<\/p>\n<hr \/>\n<p><span style=\"color: #ff0000;\"><strong>TH\u00d4NG TIN LI\u00caN H\u1ec6:<\/strong><\/span><br \/>\n<span style=\"color: #ff0000;\"><strong>QU\u00dd KH\u00c1CH G\u1eecI \u1ea2NH CH\u1ee4P DA QUA ZALO NH\u01af T\u01af V\u1ea4N CHO M\u00ccNH NH\u00c9<\/strong><\/span><br \/>\n<span style=\"color: #ff0000;\"><strong>ZALO <a href=\"https:\/\/zalo.me\/0778790095\">0778790095- Hotline: 0974670571<\/a><\/strong><\/span><br \/>\n<strong><span style=\"color: #ff0000;\">41\/50\/6 Nguy\u1ec5n Oanh, P10, G\u00f2 V\u1ea5p, TP.HCM<\/span><\/strong><\/p>\n","protected":false},"excerpt":{"rendered":"<p>550.000 won\u20ab M\u00f4 t\u1ea3 1. Th\u00e0nh ph\u1ea7n: Lanolin, Cera Alba, Paraffium Liquidum, Titanium Dioxide, Cetyl Acohol, Kijic Dipalmitate, Tocopherol, H\u01b0\u01a1ng th\u01a1m, Phenoxyethanol, B\u1ed9t ng\u1ecdc trai, Collgen, Bisabolol, Glycerin, N\u01b0\u1edbc, Caprylic\/capric Triglyceride, Lecithin hydro h\u00f3a, Chi\u1ebft xu\u1ea5t m\u00f4 s\u1eb9o nh\u00e2n s\u00e2m Panax, Cholesterol, Arbutin, Aloe vera Callus Extract, Dipotassium Glycyrrhizate, Centalla Asiatica Extract, Cucumis Sativus Fruit [&hellip;]<\/p>\n","protected":false},"featured_media":2121,"comment_status":"open","ping_status":"closed","template":"","meta":{"_gspb_post_css":""},"store":[],"product_cat":[23,66,57],"product_tag":[],"_links":{"self":[{"href":"https:\/\/yody-phuonganh.vn\/index.php\/wp-json\/wp\/v2\/product\/2120"}],"collection":[{"href":"https:\/\/yody-phuonganh.vn\/index.php\/wp-json\/wp\/v2\/product"}],"about":[{"href":"https:\/\/yody-phuonganh.vn\/index.php\/wp-json\/wp\/v2\/types\/product"}],"replies":[{"embeddable":true,"href":"https:\/\/yody-phuonganh.vn\/index.php\/wp-json\/wp\/v2\/comments?post=2120"}],"wp:featuredmedia":[{"embeddable":true,"href":"https:\/\/yody-phuonganh.vn\/index.php\/wp-json\/wp\/v2\/media\/2121"}],"wp:attachment":[{"href":"https:\/\/yody-phuonganh.vn\/index.php\/wp-json\/wp\/v2\/media?parent=2120"}],"wp:term":[{"taxonomy":"store","embeddable":true,"href":"https:\/\/yody-phuonganh.vn\/index.php\/wp-json\/wp\/v2\/store?post=2120"},{"taxonomy":"product_cat","embeddable":true,"href":"https:\/\/yody-phuonganh.vn\/index.php\/wp-json\/wp\/v2\/product_cat?post=2120"},{"taxonomy":"product_tag","embeddable":true,"href":"https:\/\/yody-phuonganh.vn\/index.php\/wp-json\/wp\/v2\/product_tag?post=2120"}],"curies":[{"name":"wp","href":"https:\/\/api.w.org\/{rel}","templated":true}]}}