{"id":2108,"date":"2023-06-29T19:27:47","date_gmt":"2023-06-29T12:27:47","guid":{"rendered":"https:\/\/yody-phuonganh.vn\/index.php\/san-pham\/micro-gel-tan-nhang-ro-cham-khong-dau\/"},"modified":"2023-06-29T19:29:10","modified_gmt":"2023-06-29T12:29:10","slug":"micro-gel-tan-nhang-ro-cham-khong-dau","status":"publish","type":"product","link":"https:\/\/yody-phuonganh.vn\/index.php\/san-pham\/micro-gel-tan-nhang-ro-cham-khong-dau\/","title":{"rendered":"MICRO GEL (T\u00c0N NHANG, R\u1ed6, CH\u1ea4M KH\u00d4NG \u0110AU)"},"content":{"rendered":"<p><img loading=\"lazy\" decoding=\"async\" class=\"wp-post-image\" title=\"micro\" src=\"http:\/\/yody-phuonganh.vn\/wp-content\/uploads\/2023\/06\/MICRO-GEL-TAN-NHANG-RO-CHAM-KHONG-DAU.jpg\" alt=\"\" width=\"600\" height=\"600\" data-caption=\"\" data-large_image=\"http:\/\/yody-phuonganh.vn\/wp-content\/uploads\/2023\/06\/MICRO-GEL-TAN-NHANG-RO-CHAM-KHONG-DAU.jpg\" data-large_image_width=\"2560\" data-large_image_height=\"2560\" \/><br \/>\n<bdi>300.000 won<span class=\"woocommerce-Price-currencySymbol\">\u20ab<\/span><\/bdi><\/p>\n<h2>M\u00f4 t\u1ea3<\/h2>\n<h4><span data-sheets-value=\"{&quot;1&quot;:2,&quot;2&quot;:&quot;Th\u00e0nh ph\u1ea7n:\\nWater, Lactic Acid, Alpha Hyddroxy, Acid (AHA), Glycolic ACid.\\n\\nC\u00f4ng d\u1ee5ng:\\nLo\u1ea1i b\u1ecf t\u00e0n nhang, s\u1eb9o r\u1ed7 v\u00e0 x\u00f3a s\u1ea1ch c\u00e1c \u0111\u1ed1m n\u00e2u tr\u00ean da, gi\u00fap da ph\u1ee5c h\u1ed3i d\u1ec1u m\u00e0u.\\n\\nH\u01b0\u1edbng d\u1eabn s\u1eed d\u1ee5ng:\\nS\u1eed d\u1ee5ng t\u0103m ch\u1ea5m thu\u1ed1c, ch\u1ea5m l\u00ean n\u1ed1t t\u00e0n nhang hay s\u1eb9o l\u00f5m r\u1ed7.\\n\\nB\u1ea3o qu\u1ea3n:\\n\u0110\u1ec3 n\u01a1i tho\u00e1ng m\u00e1t, tr\u00e1nh nhi\u1ec7t \u0111\u1ed9 cao, tr\u00e1nh \u00e1nh n\u1eafng tr\u1ef1c ti\u1ebfp v\u00e0 tr\u00e1nh xa t\u1ea7m tay tr\u1ebb em.\\n\\nPh\u00f9 h\u1ee3p:\\nD\u00f9ng cho da b\u1ecb n\u00e1m, t\u00e0n nhang, s\u1eb9o r\u1ed7, s\u1eb9o l\u00f5m...&quot;}\" data-sheets-userformat=\"{&quot;2&quot;:769,&quot;3&quot;:{&quot;1&quot;:0},&quot;11&quot;:4,&quot;12&quot;:0}\"><strong>1. Th\u00e0nh ph\u1ea7n:<\/strong><\/span><\/h4>\n<p><span data-sheets-value=\"{&quot;1&quot;:2,&quot;2&quot;:&quot;Th\u00e0nh ph\u1ea7n:\\nWater, Lactic Acid, Alpha Hyddroxy, Acid (AHA), Glycolic ACid.\\n\\nC\u00f4ng d\u1ee5ng:\\nLo\u1ea1i b\u1ecf t\u00e0n nhang, s\u1eb9o r\u1ed7 v\u00e0 x\u00f3a s\u1ea1ch c\u00e1c \u0111\u1ed1m n\u00e2u tr\u00ean da, gi\u00fap da ph\u1ee5c h\u1ed3i d\u1ec1u m\u00e0u.\\n\\nH\u01b0\u1edbng d\u1eabn s\u1eed d\u1ee5ng:\\nS\u1eed d\u1ee5ng t\u0103m ch\u1ea5m thu\u1ed1c, ch\u1ea5m l\u00ean n\u1ed1t t\u00e0n nhang hay s\u1eb9o l\u00f5m r\u1ed7.\\n\\nB\u1ea3o qu\u1ea3n:\\n\u0110\u1ec3 n\u01a1i tho\u00e1ng m\u00e1t, tr\u00e1nh nhi\u1ec7t \u0111\u1ed9 cao, tr\u00e1nh \u00e1nh n\u1eafng tr\u1ef1c ti\u1ebfp v\u00e0 tr\u00e1nh xa t\u1ea7m tay tr\u1ebb em.\\n\\nPh\u00f9 h\u1ee3p:\\nD\u00f9ng cho da b\u1ecb n\u00e1m, t\u00e0n nhang, s\u1eb9o r\u1ed7, s\u1eb9o l\u00f5m...&quot;}\" data-sheets-userformat=\"{&quot;2&quot;:769,&quot;3&quot;:{&quot;1&quot;:0},&quot;11&quot;:4,&quot;12&quot;:0}\">N\u01b0\u1edbc, Axit Lactic, Alpha Hydroxy, Axit (AHA), Axit Glycolic.<\/span><\/p>\n<h4><strong>2. C\u00f4ng d\u1ee5ng:<\/strong><\/h4>\n<p>X\u00f3a t\u00e0n nhang, s\u1eb9o r\u1ed7 v\u00e0 x\u00f3a m\u1edd \u0111\u1ed1m n\u00e2u tr\u00ean da, gi\u00fap ph\u1ee5c h\u1ed3i m\u00e0u da.<\/p>\n<h4><strong>3. C\u00e1ch s\u1eed d\u1ee5ng:<\/strong><\/h4>\n<p>D\u00f9ng t\u0103m ch\u1ea5m thu\u1ed1c, ch\u1ea5m l\u00ean t\u00e0n nhang ho\u1eb7c s\u1eb9o l\u00f5m, r\u1ed7.<\/p>\n<h4><strong>4. Ph\u00f9 h\u1ee3p:<\/strong><\/h4>\n<p>D\u00f9ng cho da b\u1ecb n\u00e1m, t\u00e0n nhang, s\u1eb9o r\u1ed7, s\u1eb9o l\u00f5m\u2026<\/p>\n<h4><strong>5. B\u1ea3o qu\u1ea3n:<\/strong><\/h4>\n<p>B\u1ea3o qu\u1ea3n n\u01a1i tho\u00e1ng m\u00e1t, tr\u00e1nh nhi\u1ec7t \u0111\u1ed9 cao, tr\u00e1nh \u00e1nh n\u1eafng tr\u1ef1c ti\u1ebfp v\u00e0 \u0111\u1ec3 xa t\u1ea7m tay tr\u1ebb em.<\/p>\n<p>&#8212;&#8212;&#8212;&#8212;&#8212;&#8212;&#8212;&#8212;&#8212;-<\/p>\n<p><span style=\"color: #ff0000;\"><strong>TH\u00d4NG TIN LI\u00caN H\u1ec6:<\/strong><\/span><br \/>\n<span style=\"color: #ff0000;\"><strong>QU\u00dd KH\u00c1CH G\u1eecI \u1ea2NH CH\u1ee4P DA QUA ZALO NH\u01af T\u01af V\u1ea4N CHO M\u00ccNH NH\u00c9<\/strong><\/span><br \/>\n<span style=\"color: #ff0000;\"><strong>ZALO <a href=\"https:\/\/zalo.me\/0778790095\">0778790095- Hotline: 0974670571<\/a><\/strong><\/span><br \/>\n<strong><span style=\"color: #ff0000;\">41\/50\/6 Nguy\u1ec5n Oanh, P10, G\u00f2 V\u1ea5p, TP.HCM<\/span><\/strong><\/p>\n","protected":false},"excerpt":{"rendered":"<p>300.000 won\u20ab M\u00f4 t\u1ea3 1. Th\u00e0nh ph\u1ea7n: N\u01b0\u1edbc, Axit Lactic, Alpha Hydroxy, Axit (AHA), Axit Glycolic. 2. C\u00f4ng d\u1ee5ng: X\u00f3a t\u00e0n nhang, s\u1eb9o r\u1ed7 v\u00e0 x\u00f3a m\u1edd \u0111\u1ed1m n\u00e2u tr\u00ean da, gi\u00fap ph\u1ee5c h\u1ed3i m\u00e0u da. 3. C\u00e1ch s\u1eed d\u1ee5ng: D\u00f9ng t\u0103m ch\u1ea5m thu\u1ed1c, ch\u1ea5m l\u00ean t\u00e0n nhang ho\u1eb7c s\u1eb9o l\u00f5m, r\u1ed7. 4. Ph\u00f9 h\u1ee3p: [&hellip;]<\/p>\n","protected":false},"featured_media":2109,"comment_status":"open","ping_status":"closed","template":"","meta":{"_gspb_post_css":""},"store":[],"product_cat":[23,57],"product_tag":[],"_links":{"self":[{"href":"https:\/\/yody-phuonganh.vn\/index.php\/wp-json\/wp\/v2\/product\/2108"}],"collection":[{"href":"https:\/\/yody-phuonganh.vn\/index.php\/wp-json\/wp\/v2\/product"}],"about":[{"href":"https:\/\/yody-phuonganh.vn\/index.php\/wp-json\/wp\/v2\/types\/product"}],"replies":[{"embeddable":true,"href":"https:\/\/yody-phuonganh.vn\/index.php\/wp-json\/wp\/v2\/comments?post=2108"}],"wp:featuredmedia":[{"embeddable":true,"href":"https:\/\/yody-phuonganh.vn\/index.php\/wp-json\/wp\/v2\/media\/2109"}],"wp:attachment":[{"href":"https:\/\/yody-phuonganh.vn\/index.php\/wp-json\/wp\/v2\/media?parent=2108"}],"wp:term":[{"taxonomy":"store","embeddable":true,"href":"https:\/\/yody-phuonganh.vn\/index.php\/wp-json\/wp\/v2\/store?post=2108"},{"taxonomy":"product_cat","embeddable":true,"href":"https:\/\/yody-phuonganh.vn\/index.php\/wp-json\/wp\/v2\/product_cat?post=2108"},{"taxonomy":"product_tag","embeddable":true,"href":"https:\/\/yody-phuonganh.vn\/index.php\/wp-json\/wp\/v2\/product_tag?post=2108"}],"curies":[{"name":"wp","href":"https:\/\/api.w.org\/{rel}","templated":true}]}}