{"id":2099,"date":"2023-06-29T19:22:12","date_gmt":"2023-06-29T12:22:12","guid":{"rendered":"https:\/\/yody-phuonganh.vn\/index.php\/san-pham\/eyelash-moc-mi-ngay\/"},"modified":"2023-06-29T19:23:28","modified_gmt":"2023-06-29T12:23:28","slug":"eyelash-moc-mi-ngay","status":"publish","type":"product","link":"https:\/\/yody-phuonganh.vn\/index.php\/san-pham\/eyelash-moc-mi-ngay\/","title":{"rendered":"EYELASH \u2013 M\u1eccC MI (NG\u00c0Y)"},"content":{"rendered":"<p><img loading=\"lazy\" decoding=\"async\" class=\"wp-post-image\" title=\"duong mi ngay\" src=\"http:\/\/yody-phuonganh.vn\/wp-content\/uploads\/2023\/06\/EYELASH-\u2013-MOC-MI-NGAY.jpg\" alt=\"\" width=\"600\" height=\"600\" data-caption=\"\" data-large_image=\"http:\/\/yody-phuonganh.vn\/wp-content\/uploads\/2023\/06\/EYELASH-\u2013-MOC-MI-NGAY.jpg\" data-large_image_width=\"2560\" data-large_image_height=\"2560\" \/><br \/>\n<bdi>350.000 won<span class=\"woocommerce-Price-currencySymbol\">\u20ab<\/span><\/bdi><\/p>\n<h2>M\u00f4 t\u1ea3<\/h2>\n<h4><strong>1. Th\u00e0nh ph\u1ea7n:<\/strong><\/h4>\n<p><span data-sheets-value=\"{&quot;1&quot;:2,&quot;2&quot;:&quot;Water, Glycerin, Panthenol, Hydroxyethylcellulos, Polysorbate 20, Phenoxyerhanol (and) Chlorphenesin, (and) Aqua (and) Glycecin, Disodium Edta, Water (And) Glycerin (and Lecithin (and Alcohol (and) Propanediol (And) Arginine (And) CAprylylglycol (and) Phenoxyethanol (And Citric Acid (And) Eucalyptus Globulus Leaf Extract (and TocoPherol (and) Sh- Polypeptide-11 (And) Sh-Polypeptide-1 (and) Sh-oilgopeptide-2 (and) Sh-oligopeptide-1 (And) Sh-polypeptide-9.\\n\\nC\u00f4ng d\u1ee5ng:\\nNg\u0103n r\u1ee5ng v\u00e0 d\u00e0i g\u1ea5p 5 l\u1ea7n.\\n\\nC\u00e1ch d\u00f9ng:\\nSau khi t\u1ea9y trang v\u00e0 l\u00e0m s\u1ea1ch da m\u1eb7t, b\u1ea1n d\u00f9ng c\u1ecd \u0111\u00e3 nh\u00fang tinh ch\u1ea5t v\u00e0 chu\u1ed1t l\u00ean hai h\u00e0ng mi nh\u1eb9 h\u00e0ng, t\u01b0\u01a1ng t\u1ef1 nh\u01b0 khi s\u1eed d\u1ee5ng mascara.\\n\\nCh\u1ec9 ti\u00eau k\u00edch \u1ee9ng: Kh\u00f4ng \u0111\u00e1ng k\u1ec3, tr\u00e1nh xa t\u1ea7m tay tr\u1ebb em.&quot;}\" data-sheets-userformat=\"{&quot;2&quot;:769,&quot;3&quot;:{&quot;1&quot;:0},&quot;11&quot;:4,&quot;12&quot;:0}\">N\u01b0\u1edbc, Glycerin, Panthenol, Hydroxyethylcellulos, Polysorbate 20, Phenoxyerhanol (V\u00e0) Chlorphenesin (V\u00e0) Aqua (V\u00e0) Glycecin, Disodium Edta, N\u01b0\u1edbc (V\u00e0) Glycerin (V\u00e0) Lecithin (V\u00e0) R\u01b0\u1ee3u (V\u00e0) Propanediol (V\u00e0) Arginine ( And) And) Caprylylglycol (And) Phenoxyethanol (And) Citric Acid (And) Eucalyptus Globulus Leaf Extract (And) TocoPherol (And) Sh-polypeptide-11 (And) Sh-polypeptide-1 (And) Sh-oilgopeptide-2 ( V\u00e0) Sh-oligopeptide-10 (V\u00e0) Sh-polypeptide-9.<\/span><\/p>\n<h4><strong>2. C\u00f4ng d\u1ee5ng:<\/strong><\/h4>\n<p>Ng\u0103n ng\u1eeba r\u1ee5ng v\u00e0 l\u00e2u h\u01a1n g\u1ea5p 5 l\u1ea7n.<\/p>\n<h4><strong>3. C\u00e1ch s\u1eed d\u1ee5ng:<\/strong><\/h4>\n<p>Sau khi t\u1ea9y trang v\u00e0 r\u1eeda m\u1eb7t s\u1ea1ch, d\u00f9ng c\u1ecd \u0111\u00e3 nh\u00fang tinh ch\u1ea5t ch\u1ea3i l\u00ean hai h\u00e0ng mi m\u1ed9t c\u00e1ch nh\u1eb9 nh\u00e0ng, t\u01b0\u01a1ng t\u1ef1 nh\u01b0 khi d\u00f9ng mascara.<\/p>\n<h4><strong>4. Ch\u1ec9 ti\u00eau k\u00edch \u1ee9ng:<\/strong><\/h4>\n<p>Kh\u00f4ng \u0111\u00e1ng k\u1ec3, \u0111\u1ec3 xa t\u1ea7m tay tr\u1ebb em.<\/p>\n<p>&#8212;&#8212;&#8212;&#8212;&#8212;&#8212;&#8212;&#8212;&#8212;-<\/p>\n<p><span style=\"color: #ff0000;\"><strong>TH\u00d4NG TIN LI\u00caN H\u1ec6:<\/strong><\/span><br \/>\n<span style=\"color: #ff0000;\"><strong>QU\u00dd KH\u00c1CH G\u1eecI \u1ea2NH CH\u1ee4P DA QUA ZALO NH\u01af T\u01af V\u1ea4N CHO M\u00ccNH NH\u00c9<\/strong><\/span><br \/>\n<span style=\"color: #ff0000;\"><strong>ZALO <a href=\"https:\/\/zalo.me\/0778790095\">0778790095- Hotline: 0974670571<\/a><\/strong><\/span><br \/>\n<strong><span style=\"color: #ff0000;\">41\/50\/6 Nguy\u1ec5n Oanh, P10, G\u00f2 V\u1ea5p, TP.HCM<\/span><\/strong><\/p>\n","protected":false},"excerpt":{"rendered":"<p>350.000 won\u20ab M\u00f4 t\u1ea3 1. Th\u00e0nh ph\u1ea7n: N\u01b0\u1edbc, Glycerin, Panthenol, Hydroxyethylcellulos, Polysorbate 20, Phenoxyerhanol (V\u00e0) Chlorphenesin (V\u00e0) Aqua (V\u00e0) Glycecin, Disodium Edta, N\u01b0\u1edbc (V\u00e0) Glycerin (V\u00e0) Lecithin (V\u00e0) R\u01b0\u1ee3u (V\u00e0) Propanediol (V\u00e0) Arginine ( And) And) Caprylylglycol (And) Phenoxyethanol (And) Citric Acid (And) Eucalyptus Globulus Leaf Extract (And) TocoPherol (And) Sh-polypeptide-11 (And) Sh-polypeptide-1 (And) Sh-oilgopeptide-2 [&hellip;]<\/p>\n","protected":false},"featured_media":2100,"comment_status":"open","ping_status":"closed","template":"","meta":{"_gspb_post_css":""},"store":[],"product_cat":[23,136,57],"product_tag":[],"_links":{"self":[{"href":"https:\/\/yody-phuonganh.vn\/index.php\/wp-json\/wp\/v2\/product\/2099"}],"collection":[{"href":"https:\/\/yody-phuonganh.vn\/index.php\/wp-json\/wp\/v2\/product"}],"about":[{"href":"https:\/\/yody-phuonganh.vn\/index.php\/wp-json\/wp\/v2\/types\/product"}],"replies":[{"embeddable":true,"href":"https:\/\/yody-phuonganh.vn\/index.php\/wp-json\/wp\/v2\/comments?post=2099"}],"wp:featuredmedia":[{"embeddable":true,"href":"https:\/\/yody-phuonganh.vn\/index.php\/wp-json\/wp\/v2\/media\/2100"}],"wp:attachment":[{"href":"https:\/\/yody-phuonganh.vn\/index.php\/wp-json\/wp\/v2\/media?parent=2099"}],"wp:term":[{"taxonomy":"store","embeddable":true,"href":"https:\/\/yody-phuonganh.vn\/index.php\/wp-json\/wp\/v2\/store?post=2099"},{"taxonomy":"product_cat","embeddable":true,"href":"https:\/\/yody-phuonganh.vn\/index.php\/wp-json\/wp\/v2\/product_cat?post=2099"},{"taxonomy":"product_tag","embeddable":true,"href":"https:\/\/yody-phuonganh.vn\/index.php\/wp-json\/wp\/v2\/product_tag?post=2099"}],"curies":[{"name":"wp","href":"https:\/\/api.w.org\/{rel}","templated":true}]}}