{"id":2096,"date":"2023-06-29T19:19:04","date_gmt":"2023-06-29T12:19:04","guid":{"rendered":"https:\/\/yody-phuonganh.vn\/index.php\/san-pham\/eyelash-moc-mi-dem\/"},"modified":"2023-06-29T19:21:44","modified_gmt":"2023-06-29T12:21:44","slug":"eyelash-moc-mi-dem","status":"publish","type":"product","link":"https:\/\/yody-phuonganh.vn\/index.php\/san-pham\/eyelash-moc-mi-dem\/","title":{"rendered":"EYELASH \u2013 M\u1eccC MI (\u0110\u00caM)"},"content":{"rendered":"<p><img loading=\"lazy\" decoding=\"async\" class=\"wp-post-image\" title=\"mi dem\" src=\"http:\/\/yody-phuonganh.vn\/wp-content\/uploads\/2023\/06\/EYELASH-\u2013-MOC-MI-DEM.jpg\" alt=\"\" width=\"600\" height=\"600\" data-caption=\"\" data-large_image=\"http:\/\/yody-phuonganh.vn\/wp-content\/uploads\/2023\/06\/EYELASH-\u2013-MOC-MI-DEM.jpg\" data-large_image_width=\"2560\" data-large_image_height=\"2560\" \/><br \/>\n<bdi><\/bdi><\/p>\n<h2>M\u00f4 t\u1ea3<\/h2>\n<h4><span data-sheets-value=\"{&quot;1&quot;:2,&quot;2&quot;:&quot;Th\u00e0nh ph\u1ea7n: Water, Hydroxythylcellulose, Glycerin, Polysobare 20, Phenoxyethanol (and) Chlorphenesin (and) Aqua (and) Glycerin, Disodium Edta, Biotin, Water (and) Glycerin (And) Lecithin (and) Alcohoi (and) Propanediol (and) Arginine (and) Caprylylglycol (and) Phenoxyethanol (and) Citric Acid (and) Eucalyptus Globulus Leaf Extract (and) Tocopherol (and) Sh-polypeptide-1 (and) Sh - Oligopep-tide-2 (and) Sh-oligopeptide-10 (and) Sh-polypeptide-9.\\n\\nC\u00f4ng d\u1ee5ng: K\u00edch m\u1ecdc v\u00e0 d\u00e0y mi.\\n\\nC\u00e1ch d\u00f9ng: Sau khi l\u1ea5y t\u1ea9y trang v\u00e0 l\u00e0m s\u1ea1ch da m\u1eb7t, b\u1ea1n d\u00f9ng \u0111\u1ea7u c\u1ecd \u0111\u00e3 nh\u00fang tinh ch\u1ea5t v\u00e0 chu\u1ed1t l\u00ean hai h\u00e0ng mi nh\u1eb9 nh\u00e0ng, t\u01b0\u01a1ng t\u1ef1 nh\u01b0 khi s\u1eed d\u1ee5ng mascara.\\n\\nCh\u1ec9 ti\u00eau k\u00edch \u1ee9ng: Kh\u00f4ng \u0111\u00e1ng k\u1ec3, tr\u00e1nh xa t\u1ea7m tay tr\u1ebb em.&quot;}\" data-sheets-userformat=\"{&quot;2&quot;:769,&quot;3&quot;:{&quot;1&quot;:0},&quot;11&quot;:4,&quot;12&quot;:0}\"><strong>1. Th\u00e0nh ph\u1ea7n:<\/strong><\/span><\/h4>\n<p><span data-sheets-value=\"{&quot;1&quot;:2,&quot;2&quot;:&quot;Th\u00e0nh ph\u1ea7n: Water, Hydroxythylcellulose, Glycerin, Polysobare 20, Phenoxyethanol (and) Chlorphenesin (and) Aqua (and) Glycerin, Disodium Edta, Biotin, Water (and) Glycerin (And) Lecithin (and) Alcohoi (and) Propanediol (and) Arginine (and) Caprylylglycol (and) Phenoxyethanol (and) Citric Acid (and) Eucalyptus Globulus Leaf Extract (and) Tocopherol (and) Sh-polypeptide-1 (and) Sh - Oligopep-tide-2 (and) Sh-oligopeptide-10 (and) Sh-polypeptide-9.\\n\\nC\u00f4ng d\u1ee5ng: K\u00edch m\u1ecdc v\u00e0 d\u00e0y mi.\\n\\nC\u00e1ch d\u00f9ng: Sau khi l\u1ea5y t\u1ea9y trang v\u00e0 l\u00e0m s\u1ea1ch da m\u1eb7t, b\u1ea1n d\u00f9ng \u0111\u1ea7u c\u1ecd \u0111\u00e3 nh\u00fang tinh ch\u1ea5t v\u00e0 chu\u1ed1t l\u00ean hai h\u00e0ng mi nh\u1eb9 nh\u00e0ng, t\u01b0\u01a1ng t\u1ef1 nh\u01b0 khi s\u1eed d\u1ee5ng mascara.\\n\\nCh\u1ec9 ti\u00eau k\u00edch \u1ee9ng: Kh\u00f4ng \u0111\u00e1ng k\u1ec3, tr\u00e1nh xa t\u1ea7m tay tr\u1ebb em.&quot;}\" data-sheets-userformat=\"{&quot;2&quot;:769,&quot;3&quot;:{&quot;1&quot;:0},&quot;11&quot;:4,&quot;12&quot;:0}\">N\u01b0\u1edbc, Hydroxythylcellulose, Glycerin, Polysobate 20, Phenoxyethanol (V\u00e0) Chlorphenesin (V\u00e0) Aqua (v\u00e0) Glycerin, Disodium Edta, Biotin, N\u01b0\u1edbc (V\u00e0) Glycerin (V\u00e0) Lecithin (V\u00e0) R\u01b0\u1ee3u (V\u00e0) Propanediol (V\u00e0) Arginine ( And) And) Caprylylglycol (And) Phenoxyethanol (And) Citric Acid (And) Eucalyptus Globulus Leaf Extract (And) Tocopherol (And) Sh-polypeptide-11 (And) Sh-oligopep-tide-2 (And) Sh-oligopeptide- 10 (V\u00e0) V\u00e0) Sh-polypeptide-9.<\/span><\/p>\n<h4><strong>2. C\u00f4ng d\u1ee5ng:<\/strong><\/h4>\n<p>K\u00edch th\u00edch v\u00e0 l\u00e0m d\u00e0y mi.<\/p>\n<h4><strong>3. C\u00e1ch s\u1eed d\u1ee5ng:<\/strong><\/h4>\n<p>Sau khi t\u1ea9y trang v\u00e0 r\u1eeda m\u1eb7t s\u1ea1ch, d\u00f9ng c\u1ecd \u0111\u00e3 nh\u00fang tinh ch\u1ea5t ch\u1ea3i l\u00ean hai h\u00e0ng mi m\u1ed9t c\u00e1ch nh\u1eb9 nh\u00e0ng, t\u01b0\u01a1ng t\u1ef1 nh\u01b0 khi d\u00f9ng mascara.<\/p>\n<h4><strong>4. Ch\u1ec9 ti\u00eau k\u00edch \u1ee9ng:<\/strong><\/h4>\n<p>Kh\u00f4ng \u0111\u00e1ng k\u1ec3, \u0111\u1ec3 xa t\u1ea7m tay tr\u1ebb em.<\/p>\n<hr \/>\n<p><span style=\"color: #ff0000;\"><strong>TH\u00d4NG TIN LI\u00caN H\u1ec6:<\/strong><\/span><br \/>\n<span style=\"color: #ff0000;\"><strong>QU\u00dd KH\u00c1CH G\u1eecI \u1ea2NH CH\u1ee4P DA QUA ZALO NH\u01af T\u01af V\u1ea4N CHO M\u00ccNH NH\u00c9<\/strong><\/span><br \/>\n<span style=\"color: #ff0000;\"><strong>ZALO <a href=\"https:\/\/zalo.me\/0778790095\">0778790095- Hotline: 0974670571<\/a><\/strong><\/span><br \/>\n<strong><span style=\"color: #ff0000;\">41\/50\/6 Nguy\u1ec5n Oanh, P10, G\u00f2 V\u1ea5p, TP.HCM<\/span><\/strong><\/p>\n","protected":false},"excerpt":{"rendered":"<p>M\u00f4 t\u1ea3 1. Th\u00e0nh ph\u1ea7n: N\u01b0\u1edbc, Hydroxythylcellulose, Glycerin, Polysobate 20, Phenoxyethanol (V\u00e0) Chlorphenesin (V\u00e0) Aqua (v\u00e0) Glycerin, Disodium Edta, Biotin, N\u01b0\u1edbc (V\u00e0) Glycerin (V\u00e0) Lecithin (V\u00e0) R\u01b0\u1ee3u (V\u00e0) Propanediol (V\u00e0) Arginine ( And) And) Caprylylglycol (And) Phenoxyethanol (And) Citric Acid (And) Eucalyptus Globulus Leaf Extract (And) Tocopherol (And) Sh-polypeptide-11 (And) Sh-oligopep-tide-2 (And) Sh-oligopeptide- 10 (V\u00e0) [&hellip;]<\/p>\n","protected":false},"featured_media":2097,"comment_status":"open","ping_status":"closed","template":"","meta":{"_gspb_post_css":""},"store":[],"product_cat":[23,136,77],"product_tag":[],"_links":{"self":[{"href":"https:\/\/yody-phuonganh.vn\/index.php\/wp-json\/wp\/v2\/product\/2096"}],"collection":[{"href":"https:\/\/yody-phuonganh.vn\/index.php\/wp-json\/wp\/v2\/product"}],"about":[{"href":"https:\/\/yody-phuonganh.vn\/index.php\/wp-json\/wp\/v2\/types\/product"}],"replies":[{"embeddable":true,"href":"https:\/\/yody-phuonganh.vn\/index.php\/wp-json\/wp\/v2\/comments?post=2096"}],"wp:featuredmedia":[{"embeddable":true,"href":"https:\/\/yody-phuonganh.vn\/index.php\/wp-json\/wp\/v2\/media\/2097"}],"wp:attachment":[{"href":"https:\/\/yody-phuonganh.vn\/index.php\/wp-json\/wp\/v2\/media?parent=2096"}],"wp:term":[{"taxonomy":"store","embeddable":true,"href":"https:\/\/yody-phuonganh.vn\/index.php\/wp-json\/wp\/v2\/store?post=2096"},{"taxonomy":"product_cat","embeddable":true,"href":"https:\/\/yody-phuonganh.vn\/index.php\/wp-json\/wp\/v2\/product_cat?post=2096"},{"taxonomy":"product_tag","embeddable":true,"href":"https:\/\/yody-phuonganh.vn\/index.php\/wp-json\/wp\/v2\/product_tag?post=2096"}],"curies":[{"name":"wp","href":"https:\/\/api.w.org\/{rel}","templated":true}]}}