{"id":2088,"date":"2023-06-29T19:12:39","date_gmt":"2023-06-29T12:12:39","guid":{"rendered":"https:\/\/yody-phuonganh.vn\/index.php\/san-pham\/body-phuc-hoi-te-bao-da\/"},"modified":"2023-06-29T19:12:39","modified_gmt":"2023-06-29T12:12:39","slug":"body-phuc-hoi-te-bao-da","status":"publish","type":"product","link":"https:\/\/yody-phuonganh.vn\/index.php\/san-pham\/body-phuc-hoi-te-bao-da\/","title":{"rendered":"BODY PH\u1ee4C H\u1ed2I T\u1ebe B\u00c0O DA"},"content":{"rendered":"<p><img width=\"600\" height=\"399\" class=\"wp-post-image\" alt=\"\" decoding=\"async\" loading=\"lazy\" title=\"phuc-hoi-te-bao-da\" data-caption=\"\" src=\"http:\/\/yody-phuonganh.vn\/wp-content\/uploads\/2023\/06\/BODY-PHUC-HOI-TE-BAO-DA.jpg\" data-large_image=\"http:\/\/yody-phuonganh.vn\/wp-content\/uploads\/2023\/06\/BODY-PHUC-HOI-TE-BAO-DA.jpg\" data-large_image_width=\"2560\" data-large_image_height=\"1703\"  ><br \/><bdi>300.000 won<span class=\"woocommerce-Price-currencySymbol\">\u20ab<\/span><\/bdi><\/p>\n<div class=\"woocommerce-Tabs-panel woocommerce-Tabs-panel--description panel entry-content wc-tab\" id=\"tab-description\" role=\"tabpanel\" aria-labelledby=\"tab-title-description\">\n<h2>M\u00f4 t\u1ea3<\/h2>\n<h4><strong>1. Th\u00e0nh ph\u1ea7n:<\/strong><\/h4>\n<p>Chi\u1ebft xu\u1ea5t l\u00ea, Tocopherol, Panthenol, Simmondsia Chinensis Seed Oil, Collagen, Niacinamide, S\u1eefa non.<\/p>\n<h4><strong>2. C\u00f4ng d\u1ee5ng:<\/strong><\/h4>\n<p>Ph\u1ee5c h\u1ed3i l\u00e0n da sau khi l\u1ed9t t\u1ea9y, h\u1ed7 tr\u1ee3 \u0111\u1ea9y l\u00f9i c\u00e1c d\u1ea5u hi\u1ec7u c\u1ee7a qu\u00e1 tr\u00ecnh l\u00e3o h\u00f3a, cho l\u00e0n da c\u0103ng m\u1ecdng, tr\u1eafng s\u00e1ng d\u1ea7n d\u1ea7n.  Kh\u1ea3 n\u0103ng h\u00ecnh th\u00e0nh h\u00e0ng r\u00e0o b\u1ea3o v\u1ec7 da kh\u1ecfi c\u00e1c t\u00e1c \u0111\u1ed9ng t\u1eeb m\u00f4i tr\u01b0\u1eddng, tia UV.  C\u00f3 m\u00f9i th\u01a1m d\u1ecbu nh\u1eb9.<\/p>\n<h4><strong>3. H\u01b0\u1edbng d\u1eabn s\u1eed d\u1ee5ng:<\/strong><\/h4>\n<p>T\u1eafm s\u1ea1ch v\u00e0 lau kh\u00f4, l\u1ea5y m\u1ed9t l\u01b0\u1ee3ng kem v\u1eeba \u0111\u1ee7 thoa \u0111\u1ec1u l\u00ean to\u00e0n th\u00e2n, massage nh\u1eb9 nh\u00e0ng cho kem th\u1ea5m s\u00e2u v\u00e0o da.  S\u1eed d\u1ee5ng 2 l\u1ea7n m\u1ed9t ng\u00e0y.<\/p>\n<h4><strong>4. K\u00edch \u1ee9ng da:<\/strong><\/h4>\n<p>Kh\u00f4ng \u0111\u00e1ng k\u1ec3.<\/p>\n<h4><strong>5. B\u1ea3o qu\u1ea3n:<\/strong><\/h4>\n<p>N\u01a1i kh\u00f4 r\u00e1o, tho\u00e1ng m\u00e1t.  Tr\u00e1nh \u00e1nh n\u1eafng tr\u1ef1c ti\u1ebfp, \u0111\u1ec3 xa t\u1ea7m tay tr\u1ebb em.<\/p>\n<\/p><\/div>\n<p>\n&#8212;&#8212;&#8212;&#8212;&#8212;&#8212;&#8212;&#8212;&#8212;-<\/p>\n<p><span style=\"color: #ff0000;\"><strong>TH\u00d4NG TIN LI\u00caN H\u1ec6:<\/strong><\/span><br \/>\n<span style=\"color: #ff0000;\"><strong>QU\u00dd KH\u00c1CH G\u1eecI \u1ea2NH CH\u1ee4P DA QUA ZALO NH\u01af T\u01af V\u1ea4N CHO M\u00ccNH NH\u00c9<\/strong><\/span><br \/>\n<span style=\"color: #ff0000;\"><strong>ZALO <a href=\"https:\/\/zalo.me\/0778790095\">0778790095- Hotline: 0974670571<\/a><\/strong><\/span><br \/>\n<strong><span style=\"color: #ff0000;\">41\/50\/6 Nguy\u1ec5n Oanh, P10, G\u00f2 V\u1ea5p, TP.HCM<\/span><\/strong><\/p>\n","protected":false},"excerpt":{"rendered":"<p>300.000 won\u20ab M\u00f4 t\u1ea3 1. Th\u00e0nh ph\u1ea7n: Chi\u1ebft xu\u1ea5t l\u00ea, Tocopherol, Panthenol, Simmondsia Chinensis Seed Oil, Collagen, Niacinamide, S\u1eefa non. 2. C\u00f4ng d\u1ee5ng: Ph\u1ee5c h\u1ed3i l\u00e0n da sau khi l\u1ed9t t\u1ea9y, h\u1ed7 tr\u1ee3 \u0111\u1ea9y l\u00f9i c\u00e1c d\u1ea5u hi\u1ec7u c\u1ee7a qu\u00e1 tr\u00ecnh l\u00e3o h\u00f3a, cho l\u00e0n da c\u0103ng m\u1ecdng, tr\u1eafng s\u00e1ng d\u1ea7n d\u1ea7n. Kh\u1ea3 n\u0103ng h\u00ecnh [&hellip;]<\/p>\n","protected":false},"featured_media":2089,"comment_status":"open","ping_status":"closed","template":"","meta":{"_gspb_post_css":""},"store":[],"product_cat":[23],"product_tag":[],"_links":{"self":[{"href":"https:\/\/yody-phuonganh.vn\/index.php\/wp-json\/wp\/v2\/product\/2088"}],"collection":[{"href":"https:\/\/yody-phuonganh.vn\/index.php\/wp-json\/wp\/v2\/product"}],"about":[{"href":"https:\/\/yody-phuonganh.vn\/index.php\/wp-json\/wp\/v2\/types\/product"}],"replies":[{"embeddable":true,"href":"https:\/\/yody-phuonganh.vn\/index.php\/wp-json\/wp\/v2\/comments?post=2088"}],"wp:featuredmedia":[{"embeddable":true,"href":"https:\/\/yody-phuonganh.vn\/index.php\/wp-json\/wp\/v2\/media\/2089"}],"wp:attachment":[{"href":"https:\/\/yody-phuonganh.vn\/index.php\/wp-json\/wp\/v2\/media?parent=2088"}],"wp:term":[{"taxonomy":"store","embeddable":true,"href":"https:\/\/yody-phuonganh.vn\/index.php\/wp-json\/wp\/v2\/store?post=2088"},{"taxonomy":"product_cat","embeddable":true,"href":"https:\/\/yody-phuonganh.vn\/index.php\/wp-json\/wp\/v2\/product_cat?post=2088"},{"taxonomy":"product_tag","embeddable":true,"href":"https:\/\/yody-phuonganh.vn\/index.php\/wp-json\/wp\/v2\/product_tag?post=2088"}],"curies":[{"name":"wp","href":"https:\/\/api.w.org\/{rel}","templated":true}]}}