{"id":2086,"date":"2023-06-29T19:11:00","date_gmt":"2023-06-29T12:11:00","guid":{"rendered":"https:\/\/yody-phuonganh.vn\/index.php\/san-pham\/kem-chong-nang-su-su-spf50\/"},"modified":"2023-06-29T19:11:00","modified_gmt":"2023-06-29T12:11:00","slug":"kem-chong-nang-su-su-spf50","status":"publish","type":"product","link":"https:\/\/yody-phuonganh.vn\/index.php\/san-pham\/kem-chong-nang-su-su-spf50\/","title":{"rendered":"KEM CH\u1ed0NG N\u1eaeNG SU SU SPF50++"},"content":{"rendered":"<p><img width=\"600\" height=\"600\" class=\"wp-post-image\" alt=\"\" decoding=\"async\" loading=\"lazy\" title=\"susu\" data-caption=\"\" src=\"http:\/\/yody-phuonganh.vn\/wp-content\/uploads\/2023\/06\/KEM-CHONG-NANG-SU-SU-SPF50.jpg\" data-large_image=\"http:\/\/yody-phuonganh.vn\/wp-content\/uploads\/2023\/06\/KEM-CHONG-NANG-SU-SU-SPF50.jpg\" data-large_image_width=\"2560\" data-large_image_height=\"2560\"  ><br \/><bdi>280.000 won<span class=\"woocommerce-Price-currencySymbol\">\u20ab<\/span><\/bdi><\/p>\n<div class=\"woocommerce-tabs wc-tabs-wrapper\">\n<ul class=\"tabs wc-tabs\" role=\"tablist\">\n<li class=\"description_tab\" id=\"tab-title-description\" role=\"tab\" aria-controls=\"tab-description\">\n\t\t\t\t\t<a href=\"#tab-description\"><\/p>\n<p>\t\t\t\t\t\tM\u00f4 t\u1ea3\t\t\t\t\t<\/a>\n\t\t\t\t<\/li>\n<li class=\"reviews_tab\" id=\"tab-title-reviews\" role=\"tab\" aria-controls=\"tab-reviews\">\n\t\t\t\t\t<a href=\"#tab-reviews\"><\/p>\n<p>\t\t\t\t\t\t\u0110\u00e1nh gi\u00e1 (0)\t\t\t\t\t<\/a>\n\t\t\t\t<\/li>\n<\/ul>\n<div class=\"woocommerce-Tabs-panel woocommerce-Tabs-panel--description panel entry-content wc-tab\" id=\"tab-description\" role=\"tabpanel\" aria-labelledby=\"tab-title-description\">\n<h2>M\u00f4 t\u1ea3<\/h2>\n<p><span data-sheets-value='{\"1\":2,\"2\":\"Th\u00e0nh ph\u1ea7n: \\nWater, Ethylhexyl Methoxycinnamate, Cyclopentasi- loxane, Glycerin, Dimethicome, Dimethicome\/ Methicone, Copolymer, Titanium Dioxide, Aluminum Hydroxide, Ethylhexylglycerin, Phenoxyethanol, Xanthan Gum, Disodium Edta.\\n\\nC\u00f4ng d\u1ee5ng:\\nL\u00e0m tr\u1eafng da ch\u1ed1ng l\u00e3o h\u00f3a, ng\u0103n ng\u1eeba c\u00e1c n\u1ebfp nh\u1eafn tr\u00ean da, gi\u00fap b\u1ea3o v\u1ec7 da kh\u1ecfi \u00e1nh n\u1eafng m\u1eb7t tr\u1eddi.\\n\\nH\u01b0\u1edbng d\u1eabn s\u1eed d\u1ee5ng:\\nL\u00e0m s\u1ea1ch da b\u00f4i 1 l\u1edbp kem v\u00e0o ban ng\u00e0y( k\u1ec3 c\u1ea3 \u1edf trong nh\u00e0 hay ra ngo\u00e0i) ng\u00e0y 1 l\u1ea7n.\"}' data-sheets-userformat='{\"2\":769,\"3\":{\"1\":0},\"11\":4,\"12\":0}'><strong>1. Th\u00e0nh ph\u1ea7n:<\/strong><\/span><\/p>\n<p><span data-sheets-value='{\"1\":2,\"2\":\"Th\u00e0nh ph\u1ea7n: \\nWater, Ethylhexyl Methoxycinnamate, Cyclopentasi- loxane, Glycerin, Dimethicome, Dimethicome\/ Methicone, Copolymer, Titanium Dioxide, Aluminum Hydroxide, Ethylhexylglycerin, Phenoxyethanol, Xanthan Gum, Disodium Edta.\\n\\nC\u00f4ng d\u1ee5ng:\\nL\u00e0m tr\u1eafng da ch\u1ed1ng l\u00e3o h\u00f3a, ng\u0103n ng\u1eeba c\u00e1c n\u1ebfp nh\u1eafn tr\u00ean da, gi\u00fap b\u1ea3o v\u1ec7 da kh\u1ecfi \u00e1nh n\u1eafng m\u1eb7t tr\u1eddi.\\n\\nH\u01b0\u1edbng d\u1eabn s\u1eed d\u1ee5ng:\\nL\u00e0m s\u1ea1ch da b\u00f4i 1 l\u1edbp kem v\u00e0o ban ng\u00e0y( k\u1ec3 c\u1ea3 \u1edf trong nh\u00e0 hay ra ngo\u00e0i) ng\u00e0y 1 l\u1ea7n.\"}' data-sheets-userformat='{\"2\":769,\"3\":{\"1\":0},\"11\":4,\"12\":0}'>N\u01b0\u1edbc, Ethylhexyl Methoxycinnamate, Cyclopentasium-loxane, Glycerin, Dimethicome, Dimethicome\/Methicone, Copolyme, Titanium Dioxide, Nh\u00f4m Hydroxide, Ethylhexylglycerin, Phenoxyethanol, Xanthan Gum, Disodium Edta.<\/span><\/p>\n<p><strong>2. C\u00f4ng d\u1ee5ng:<\/strong><\/p>\n<p>L\u00e0m tr\u1eafng da, ch\u1ed1ng l\u00e3o h\u00f3a, ng\u0103n ng\u1eeba n\u1ebfp nh\u0103n tr\u00ean da, gi\u00fap b\u1ea3o v\u1ec7 da kh\u1ecfi \u00e1nh n\u1eafng m\u1eb7t tr\u1eddi.<\/p>\n<p><strong>3. C\u00e1ch s\u1eed d\u1ee5ng:<\/strong><\/p>\n<p>L\u00e0m s\u1ea1ch da, thoa m\u1ed9t l\u1edbp kem v\u00e0o ban ng\u00e0y (d\u00f9 trong nh\u00e0 hay ngo\u00e0i tr\u1eddi) ng\u00e0y 1 l\u1ea7n.<\/p>\n<h4><strong>4. K\u00edch \u1ee9ng da:<\/strong><\/h4>\n<p>Kh\u00f4ng \u0111\u00e1ng k\u1ec3.<\/p>\n<h4><strong>5. B\u1ea3o qu\u1ea3n:<\/strong><\/h4>\n<p>N\u01a1i kh\u00f4 r\u00e1o, tho\u00e1ng m\u00e1t.  Tr\u00e1nh xa \u00e1nh n\u1eafng tr\u1ef1c ti\u1ebfp c\u1ee7a m\u1eb7t tr\u1eddi.  Tr\u00e1nh xa t\u1ea7m tay tr\u1ebb em.<\/p>\n<\/p><\/div>\n<div class=\"woocommerce-Tabs-panel woocommerce-Tabs-panel--reviews panel entry-content wc-tab\" id=\"tab-reviews\" role=\"tabpanel\" aria-labelledby=\"tab-title-reviews\">\n<div id=\"reviews\" class=\"woocommerce-Reviews\">\n<div id=\"comments\">\n<h2 class=\"woocommerce-Reviews-title\">\n<p>\t\t\t\u0110\u00e1nh gi\u00e1\t\t<\/h2>\n<p class=\"woocommerce-noreviews\">Hi\u1ec7n t\u1ea1i kh\u00f4ng c\u00f3 \u0111\u00e1nh gi\u00e1 n\u00e0o.<\/p>\n<\/p><\/div>\n<div id=\"review_form_wrapper\">\n<div id=\"review_form\">\n<div id=\"respond\" class=\"comment-respond\">\n\t\t<span id=\"reply-title\" class=\"comment-reply-title\">H\u00e3y l\u00e0 ng\u01b0\u1eddi \u0111\u1ea7u ti\u00ean nh\u1eadn x\u00e9t \u201cKEM CH\u1ed0NG N\u1eaeNG SPF50++\u201d <small>H\u1ee7y b\u1ecf<\/small><\/span><\/p>\n<form action=\"https:\/\/www.yody-phuonganh.com\/wp-comments-post.php\" method=\"post\" id=\"commentform\" class=\"comment-form\" novalidate>\n<p class=\"comment-notes\"><span id=\"email-notes\">Email c\u1ee7a b\u1ea1n s\u1ebd kh\u00f4ng \u0111\u01b0\u1ee3c hi\u1ec3n th\u1ecb c\u00f4ng khai.<\/span> <span class=\"required-field-message\">C\u00e1c tr\u01b0\u1eddng b\u1eaft bu\u1ed9c \u0111\u01b0\u1ee3c \u0111\u00e1nh d\u1ea5u <span class=\"required\">*<\/span><\/span><\/p>\n<p class=\"comment-form-comment\"><label for=\"comment\">B\u00ecnh lu\u1eadn c\u1ee7a b\u1ea1n <span class=\"required\">*<\/span><\/label><textarea id=\"comment\" name=\"comment\" cols=\"45\" rows=\"8\" required><\/textarea><\/p>\n<p class=\"comment-form-author\"><label for=\"author\">T\u00ean <span class=\"required\">*<\/span><\/label><input id=\"author\" name=\"author\" type=\"text\" value=\"\" size=\"30\" required><\/p>\n<p class=\"comment-form-email\"><label for=\"email\">E-mail <span class=\"required\">*<\/span><\/label><input id=\"email\" name=\"email\" type=\"email\" value=\"\" size=\"30\" required><\/p>\n<p class=\"comment-form-cookies-consent\"><input id=\"wp-comment-cookies-consent\" name=\"wp-comment-cookies-consent\" type=\"checkbox\" value=\"yes\"> <label for=\"wp-comment-cookies-consent\">L\u01b0u t\u00ean, email v\u00e0 trang web c\u1ee7a t\u00f4i trong tr\u00ecnh duy\u1ec7t n\u00e0y cho nh\u1eadn x\u00e9t ti\u1ebfp theo c\u1ee7a t\u00f4i.<\/label><\/p>\n<p class=\"form-submit\"><input name=\"submit\" type=\"submit\" id=\"submit\" class=\"submit\" value=\"G\u1eedi \u0111i\"> <input type=\"hidden\" name=\"comment_post_ID\" value=\"1143\" id=\"comment_post_ID\"><br \/>\n<input type=\"hidden\" name=\"comment_parent\" id=\"comment_parent\" value=\"0\">\n<\/p>\n<\/form><\/div>\n<p><!-- #respond -->\n\t\t\t\t<\/div>\n<\/p><\/div>\n<div class=\"clear\"><\/div>\n<\/div><\/div>\n<\/p><\/div>\n<p>\n&#8212;&#8212;&#8212;&#8212;&#8212;&#8212;&#8212;&#8212;&#8212;-<\/p>\n<p><span style=\"color: #ff0000;\"><strong>TH\u00d4NG TIN LI\u00caN H\u1ec6:<\/strong><\/span><br \/>\n<span style=\"color: #ff0000;\"><strong>QU\u00dd KH\u00c1CH G\u1eecI \u1ea2NH CH\u1ee4P DA QUA ZALO NH\u01af T\u01af V\u1ea4N CHO M\u00ccNH NH\u00c9<\/strong><\/span><br \/>\n<span style=\"color: #ff0000;\"><strong>ZALO <a href=\"https:\/\/zalo.me\/0778790095\">0778790095- Hotline: 0974670571<\/a><\/strong><\/span><br \/>\n<strong><span style=\"color: #ff0000;\">41\/50\/6 Nguy\u1ec5n Oanh, P10, G\u00f2 V\u1ea5p, TP.HCM<\/span><\/strong><\/p>\n","protected":false},"excerpt":{"rendered":"<p>280.000 won\u20ab M\u00f4 t\u1ea3 \u0110\u00e1nh gi\u00e1 (0) M\u00f4 t\u1ea3 1. Th\u00e0nh ph\u1ea7n: N\u01b0\u1edbc, Ethylhexyl Methoxycinnamate, Cyclopentasium-loxane, Glycerin, Dimethicome, Dimethicome\/Methicone, Copolyme, Titanium Dioxide, Nh\u00f4m Hydroxide, Ethylhexylglycerin, Phenoxyethanol, Xanthan Gum, Disodium Edta. 2. C\u00f4ng d\u1ee5ng: L\u00e0m tr\u1eafng da, ch\u1ed1ng l\u00e3o h\u00f3a, ng\u0103n ng\u1eeba n\u1ebfp nh\u0103n tr\u00ean da, gi\u00fap b\u1ea3o v\u1ec7 da kh\u1ecfi \u00e1nh n\u1eafng m\u1eb7t tr\u1eddi. 3. [&hellip;]<\/p>\n","protected":false},"featured_media":2087,"comment_status":"open","ping_status":"closed","template":"","meta":{"_gspb_post_css":""},"store":[],"product_cat":[23],"product_tag":[],"_links":{"self":[{"href":"https:\/\/yody-phuonganh.vn\/index.php\/wp-json\/wp\/v2\/product\/2086"}],"collection":[{"href":"https:\/\/yody-phuonganh.vn\/index.php\/wp-json\/wp\/v2\/product"}],"about":[{"href":"https:\/\/yody-phuonganh.vn\/index.php\/wp-json\/wp\/v2\/types\/product"}],"replies":[{"embeddable":true,"href":"https:\/\/yody-phuonganh.vn\/index.php\/wp-json\/wp\/v2\/comments?post=2086"}],"wp:featuredmedia":[{"embeddable":true,"href":"https:\/\/yody-phuonganh.vn\/index.php\/wp-json\/wp\/v2\/media\/2087"}],"wp:attachment":[{"href":"https:\/\/yody-phuonganh.vn\/index.php\/wp-json\/wp\/v2\/media?parent=2086"}],"wp:term":[{"taxonomy":"store","embeddable":true,"href":"https:\/\/yody-phuonganh.vn\/index.php\/wp-json\/wp\/v2\/store?post=2086"},{"taxonomy":"product_cat","embeddable":true,"href":"https:\/\/yody-phuonganh.vn\/index.php\/wp-json\/wp\/v2\/product_cat?post=2086"},{"taxonomy":"product_tag","embeddable":true,"href":"https:\/\/yody-phuonganh.vn\/index.php\/wp-json\/wp\/v2\/product_tag?post=2086"}],"curies":[{"name":"wp","href":"https:\/\/api.w.org\/{rel}","templated":true}]}}